{"id":206766,"date":"2018-08-21T18:05:21","date_gmt":"2018-08-21T18:05:21","guid":{"rendered":"https:\/\/pamplona.spartasportcenter.com\/?page_id=206766"},"modified":"2025-06-25T08:39:59","modified_gmt":"2025-06-25T06:39:59","slug":"politica-de-privacidad-sparta","status":"publish","type":"page","link":"https:\/\/spartasportcenter.com\/zizur\/politica-de-privacidad-sparta\/","title":{"rendered":"Pol\u00edtica de Privacidad de Sparta Sport Center Zizur"},"content":{"rendered":"\n<p>SPARTA SPORT CENTER, informa a los usuarios del sitio web sobre su pol\u00edtica respecto al tratamiento y protecci\u00f3n de los datos de car\u00e1cter personal de los usuarios y clientes.<\/p>\n\n\n\n<p>Y garantiza en todo momento el \u00edntegro y pleno cumplimiento de las obligaciones dispuestas por la normativa de protecci\u00f3n de datos y servicios de la sociedad de la informaci\u00f3n: Reglamento (UE) 2016\/679 del Parlamento Europeo y del Consejo, de 27 de abril de 2016, relativo a la protecci\u00f3n de las personas f\u00edsicas en lo que respecta al tratamiento de datos personales y a la libre circulaci\u00f3n de estos datos (RGPD), la normativa Ley Org\u00e1nica 3\/2018, de 5 de diciembre, de Protecci\u00f3n de Datos Personales y garant\u00eda de los derechos digitales (LOPDGDD) y la Ley 34\/2002, de 11 de julio, de Servicios de la Sociedad de la Informaci\u00f3n y del Comercio Electr\u00f3nico (LSSIce).<\/p>\n\n\n\n<h2 class=\"wp-block-heading\"><strong>RESPONSABLE DEL TRATAMIENTO<\/strong><\/h2>\n\n\n\n<p>Empresa titular de esta web: ZIZUR SPORT SOLUTIONS, S.L.U.<\/p>\n\n\n\n<p>C.I.F.: B71465645<\/p>\n\n\n\n<p>Domicilio: C\/ SANCHO RAM\u00cdREZ, 23 BAJO &#8211; 31008 &#8211; PAMPLONA (NAVARRA)<\/p>\n\n\n\n<p>Inscrito en el Registro Mercantil de Pamplona, tomo 2077, folio 109, hoja NA41546, inscripci\u00f3n 1, fecha 25\/10\/2022.<\/p>\n\n\n\n<p>Tel\u00e9fono: 638450447<\/p>\n\n\n\n<p>Correo electr\u00f3nico: zizur@spartasportcenter.com<\/p>\n\n\n\n<h2 class=\"wp-block-heading\"><strong>FINALIDADES DEL TRATAMIENTO DE LOS DATOS<\/strong><\/h2>\n\n\n\n<p>Los datos facilitados por el Usuario son utilizados con diversas finalidades que se enumeran a continuaci\u00f3n:<\/p>\n\n\n\n<figure class=\"wp-block-table\"><table class=\"has-fixed-layout\"><tbody><tr><td><strong>Finalidad del tratamiento<\/strong><\/td><td><strong>Base jur\u00eddica para el tratamiento<\/strong><\/td><\/tr><tr><td>Gestionar las consultas o cualquier tipo de petici\u00f3n que sea realizada a trav\u00e9s de las formas de contacto que se ponen a disposici\u00f3n en la p\u00e1gina web.<\/td><td>Inter\u00e9s leg\u00edtimo de la Sociedad para atender a los requerimientos de informaci\u00f3n a trav\u00e9s de la web. Consentimiento prestado de forma expresa en el momento de recogida de los datos a trav\u00e9s de los formularios web.<br><\/td><\/tr><tr><td>Env\u00edo de newsletters, comunicaciones comerciales y promociones.<\/td><td>Consentimiento prestado de forma expresa en el momento de recogida de los datos a trav\u00e9s de los formularios web.<br><\/td><\/tr><tr><td>Crear y gestionar tu registro como Usuario.<\/td><td>Consentimiento prestado de forma expresa en el momento de recogida de los datos a trav\u00e9s de los formularios web.<br><\/td><\/tr><tr><td>Para el desarrollo, cumplimiento y ejecuci\u00f3n del contrato de compraventa o de servicios que hayas contratado a trav\u00e9s de nuestra web.<\/td><td>Consentimiento prestado de forma expresa en el momento de recogida de los datos a trav\u00e9s de los formularios web. Consideramos que tenemos un inter\u00e9s leg\u00edtimo para realizar las comprobaciones necesarias para detectar y prevenir posibles fraudes cuando realizas una compra. Ejecuci\u00f3n de un contrato.<br><\/td><\/tr><tr><td>Realizar la gesti\u00f3n contable.<\/td><td>Ejecuci\u00f3n de un contrato.<br><\/td><\/tr><tr><td>Cumplir con las obligaciones fiscales vigentes.<\/td><td>Cumplimiento de obligaciones legales que nos sean de aplicaci\u00f3n.<br><\/td><\/tr><tr><td>Gestionar las incidencias y el mantenimiento de la web.<br><\/td><td>Inter\u00e9s leg\u00edtimo de la Sociedad.<\/td><\/tr><\/tbody><\/table><\/figure>\n\n\n\n<h2 class=\"wp-block-heading\"><strong>PLAZO DE CONSERVACI\u00d3N DE LOS DATOS<\/strong><\/h2>\n\n\n\n<figure class=\"wp-block-table\"><table class=\"has-fixed-layout\"><tbody><tr><td><strong>Finalidad del tratamiento<\/strong><\/td><td><strong>Plazo de conservaci\u00f3n<\/strong><\/td><\/tr><tr><td>Gestionar las consultas o cualquier tipo de petici\u00f3n que sea realizada a trav\u00e9s de las formas de contacto que se ponen a disposici\u00f3n en la p\u00e1gina web.<br><\/td><td>Trataremos tus datos durante el tiempo que sea necesario para atender tu solicitud o petici\u00f3n.<\/td><\/tr><tr><td>Env\u00edo de newsletters, comunicaciones comerciales y promociones.<br><\/td><td>Trataremos tus datos hasta que te des de baja.<\/td><\/tr><tr><td>Crear y gestionar tu registro como Usuario.<\/td><td>Trataremos tus datos durante el tiempo en que mantengas la condici\u00f3n de usuario registrado (es decir, hasta que decidas darte de baja).<br><\/td><\/tr><tr><td>Para el desarrollo, cumplimiento y ejecuci\u00f3n del contrato de compraventa o de servicios que hayas contratado a trav\u00e9s de nuestra web.<\/td><td>Trataremos tus datos durante el tiempo necesario para gestionar la compra de los productos o servicios que hayas adquirido, incluyendo posibles devoluciones, quejas o reclamaciones asociadas a la compra del producto o servicio en particular.<br><\/td><\/tr><tr><td>Realizar la gesti\u00f3n contable.<\/td><td>Trataremos sus datos durante el tiempo necesario para cumplir los plazos legales de prescripci\u00f3n que le resulten de aplicaci\u00f3n.<br><\/td><\/tr><tr><td>Cumplir con las obligaciones fiscales vigentes.<\/td><td>Trataremos sus datos durante el tiempo necesario para cumplir los plazos legales de prescripci\u00f3n que le resulten de aplicaci\u00f3n.<br><\/td><\/tr><tr><td>Gestionar las incidencias y el mantenimiento de la web.<\/td><td>Trataremos sus datos durante el tiempo necesario para cumplir los plazos legales de prescripci\u00f3n que le resulten de aplicaci\u00f3n.<br><\/td><\/tr><\/tbody><\/table><\/figure>\n\n\n\n<h2 class=\"wp-block-heading\"><strong>DERECHOS<\/strong> <strong>DE IMAGEN<\/strong><\/h2>\n\n\n\n<p>El derecho a la imagen personal est\u00e1 reconocido en el art\u00edculo 18.1 de la Constituci\u00f3n y regulado por la Ley 1\/1982, de 5 de mayo, sobre el derecho al honor, a la intimidad personal y familiar y a la propia imagen.<\/p>\n\n\n\n<p>Si el usuario autoriza la captaci\u00f3n y publicaci\u00f3n de su imagen por parte del Responsable del tratamiento, lo hace de manera expresa, libre, voluntaria y gratuita, sin l\u00edmite temporal ni geogr\u00e1fico. Dicha autorizaci\u00f3n incluye la posibilidad de difusi\u00f3n de su imagen, junto con su nombre y apellidos, en cualquier soporte o formato, incluyendo, pero no limit\u00e1ndose a:<\/p>\n\n\n\n<p>Intranet, p\u00e1gina web, comunicaciones comerciales por v\u00eda electr\u00f3nica, revistas, redes sociales, medios de comunicaci\u00f3n y otros soportes digitales o impresos.<\/p>\n\n\n\n<p>La captaci\u00f3n de im\u00e1genes o v\u00eddeos por parte del Responsable del Tratamiento o por terceros autorizados se limitar\u00e1 a las actividades desarrolladas por la entidad. El responsable del tratamiento se compromete a adoptar todas las medidas de seguridad adecuadas para evitar el acceso, cesi\u00f3n o uso no autorizado de las im\u00e1genes.<\/p>\n\n\n\n<h2 class=\"wp-block-heading\"><strong>DESTINATARIOS DE LOS DATOS<\/strong><\/h2>\n\n\n\n<p>Para cumplir las finalidades indicadas en la presente Pol\u00edtica de Privacidad, es necesario que demos acceso a tus datos personales a terceras partes que nos presten apoyo en los servicios que te ofrecemos (Encargados de Tratamiento), a saber:<\/p>\n\n\n\n<p>&#8211; Entidades financieras<\/p>\n\n\n\n<p>&#8211; Proveedores de servicios tecnol\u00f3gicos<\/p>\n\n\n\n<p>&#8211; Proveedores y colaboradores de servicios de log\u00edstica, transporte y entrega.<\/p>\n\n\n\n<p>&#8211; Proveedores y colaboradores de servicios relacionados con marketing y publicidad.<\/p>\n\n\n\n<p>Los encargados de tratamiento para la ejecuci\u00f3n de un contrato o prestaci\u00f3n de un servicio al Responsable, siguiendo por ello sus instrucciones en todo momento y asegurando los mismos niveles de seguridad.<\/p>\n\n\n\n<p>Los datos pueden ser compartidos entre las empresas del Grupo Sparta Sport Center.<\/p>\n\n\n\n<h2 class=\"wp-block-heading\"><strong>COOKIES<\/strong><\/h2>\n\n\n\n<p>Por lo que se refiere al uso de las&nbsp;cookies y otras tecnolog\u00edas de seguimiento, consulte la&nbsp;Pol\u00edtica de Cookies de este Sitio Web. En este caso, la base legal para el tratamiento de sus datos es su consentimiento otorgado al aceptar la carga de las cookies en su navegador.<\/p>\n\n\n\n<h2 class=\"wp-block-heading\"><strong>DERECHOS DE LOS USUARIOS<\/strong><\/h2>\n\n\n\n<p>El usuario tiene derecho a:<\/p>\n\n\n\n<ul class=\"wp-block-list\">\n<li>Solicitar el acceso a sus datos personales que se est\u00e1n tratando y recibir dicha informaci\u00f3n por escrito por el medio solicitado.<\/li>\n\n\n\n<li>Solicitar la rectificaci\u00f3n de los datos personales inexactos o, en su caso, solicitar su supresi\u00f3n cuando, entre otros motivos, los datos ya no sean necesarios para la finalidad por los que fueron recogidos.<\/li>\n\n\n\n<li>Solicitar la limitaci\u00f3n del tratamiento de sus datos.<\/li>\n\n\n\n<li>Oponerse al tratamiento de sus datos personales cuando proceda, en cuyo caso se dejar\u00e1n de tratar sus datos salvo por motivos leg\u00edtimos.<\/li>\n<\/ul>\n\n\n\n<ul class=\"wp-block-list\">\n<li>Derecho a la portabilidad de sus datos personales cuando el tratamiento est\u00e9 basado en un consentimiento y se efect\u00fae por medios automatizados. los datos se entregaran de forma estructurada, uso com\u00fan y lectura mec\u00e1nica.<\/li>\n\n\n\n<li>Derecho a retirar el consentimiento prestado.<\/li>\n\n\n\n<li>Derecho a reclamar ante la agencia espa\u00f1ola de protecci\u00f3n de datos.<\/li>\n<\/ul>\n\n\n\n<p>El Usuario puede ejercitar los derechos anteriormente indicados a la direcci\u00f3n de correo postal o electr\u00f3nica del Responsable, acreditando su identidad con una copia escaneada de su DNI o documento equivalente, y especificando el derecho que desea ejercer.<\/p>\n\n\n\n<h2 class=\"wp-block-heading\"><strong>PROCEDENCIA DE LOS DATOS<\/strong><\/h2>\n\n\n\n<p>Los datos personales ser\u00e1n facilitados por el propio interesado de forma absolutamente voluntaria. La carencia de facilitar determinados datos o preguntas que pudieran formularse en los procesos de registro o en los distintos formularios electr\u00f3nicos que se le presenten al Usuario, puede provocar la imposibilidad de acceso a determinados servicios para cuya prestaci\u00f3n es imprescindible disponer de los datos de car\u00e1cter personal, en tal caso El Responsable informar\u00e1 del car\u00e1cter obligatorio y\/o necesario de facilitar los datos personales para el funcionamiento del servicio.<\/p>\n\n\n\n<p>El Responsable le asegura la confidencialidad de sus datos personales y le garantiza la seguridad de los mismos, adoptando las medidas necesarias para evitar su alteraci\u00f3n, p\u00e9rdida, tratamiento o acceso no autorizado.<\/p>\n\n\n\n<h2 class=\"wp-block-heading\"><strong>INFORMACI\u00d3N FACILITADA POR EL USUARIO<\/strong><\/h2>\n\n\n\n<p>Los y las menores de 18 a\u00f1os no pueden ceder sus datos personales sin el previo consentimiento de su padre\/madre y\/o tutores legales.<\/p>\n\n\n\n<p>Los Usuarios, introduciendo sus datos en los formularios de contacto o presentados en formularios de descarga, aceptan expresamente y de forma libre e inequ\u00edvoca, que sus datos son necesarios para atender su petici\u00f3n, por parte del Responsable, siendo voluntaria la inclusi\u00f3n de datos en los campos restantes.<\/p>\n\n\n\n<p>El Usuario garantiza que los datos personales facilitados son veraces y se hace responsable de comunicar cualquier modificaci\u00f3n de los mismos.<\/p>\n\n\n\n<p>Todos los datos solicitados a trav\u00e9s del sitio web son necesarios para la prestaci\u00f3n de un servicio \u00f3ptimo al Usuario. En caso de que no sean facilitados todos los datos, no se garantiza que la informaci\u00f3n y servicios que El Responsable le facilite, sean completamente ajustados a sus necesidades.<\/p>\n\n\n\n<h2 class=\"wp-block-heading\"><strong>MEDIDAS DE SEGURIDAD<\/strong><\/h2>\n\n\n\n<p>Que de conformidad con lo dispuesto en las normativas vigentes en materia de protecci\u00f3n de datos personales, El Responsable est\u00e1 cumpliendo con todas las disposiciones de las normativas RGPD y LOPDGDD para el tratamiento de los datos personales de su<\/p>\n\n\n\n<p>responsabilidad, los cuales son tratados de manera l\u00edcita, leal y transparente en relaci\u00f3n con el interesado y adecuados, pertinentes y limitados a lo necesario en relaci\u00f3n con los fines para los que son tratados.<\/p>\n\n\n\n<p>El Responsable garantiza que ha implementado pol\u00edticas t\u00e9cnicas y organizativas apropiadas para aplicar las medidas de seguridad que establecen el RGPD y la LOPDGDD con el fin de proteger los derechos y libertades de los Usuarios y les ha comunicado la informaci\u00f3n adecuada para que puedan ejercerlos.<\/p>\n\n\n\n<h2 class=\"wp-block-heading\"><strong>BRECHAS DE SEGURIDAD<\/strong><\/h2>\n\n\n\n<p>El Responsable&nbsp;informar\u00e1 sobre cualquier brecha de seguridad que afecte a la base de datos que utiliza este sitio web, o que afecte a cualquiera de nuestros servicios de terceros, a todas y cada una de las personas, datos de los cuales puedan haber sido afectadas, y autoridades, dentro de las 72 horas siguientes a la detecci\u00f3n de la brecha.<\/p>\n\n\n\n<h2 class=\"wp-block-heading\"><strong>LEGISLACI\u00d3N APLICABLE Y JURISDICCI\u00d3N<\/strong><\/h2>\n\n\n\n<p>Se reserva la facultad de presentar las acciones civiles o penales que considere necesarias por la utilizaci\u00f3n indebida del Sitio Web y Contenidos.<\/p>\n\n\n\n<p>La relaci\u00f3n entre el Usuario y&nbsp;el Responsable se regir\u00e1 por la normativa vigente y de aplicaci\u00f3n en el territorio espa\u00f1ol. De surgir cualquier controversia en relaci\u00f3n con la interpretaci\u00f3n y\/o a la aplicaci\u00f3n, las partes someter\u00e1n sus conflictos a la jurisdicci\u00f3n ordinaria someti\u00e9ndose a los jueces y tribunales que correspondan conforme a derecho.<\/p>\n","protected":false},"excerpt":{"rendered":"<p>&#8211;    <\/p>\n","protected":false},"author":1,"featured_media":222842,"parent":0,"menu_order":0,"comment_status":"closed","ping_status":"closed","template":"","meta":{"_et_pb_use_builder":"","_et_pb_old_content":"","_et_gb_content_width":"","footnotes":""},"class_list":["post-206766","page","type-page","status-publish","has-post-thumbnail","hentry"],"yoast_head":"<!-- This site is optimized with the Yoast SEO plugin v26.6 - https:\/\/yoast.com\/wordpress\/plugins\/seo\/ -->\n<title>Pol\u00edtica de Privacidad - Sparta Sport Center Zizur<\/title>\n<meta name=\"description\" content=\"Consulta la pol\u00edtica de privacidad de Sparta Sport Center Zizur. Toda la informaci\u00f3n sobre privacidad en nuestra web a un solo clic.\" \/>\n<meta name=\"robots\" content=\"index, follow, max-snippet:-1, max-image-preview:large, max-video-preview:-1\" \/>\n<link rel=\"canonical\" href=\"https:\/\/spartasportcenter.com\/zizur\/politica-de-privacidad-sparta\/\" \/>\n<meta property=\"og:locale\" content=\"es_ES\" \/>\n<meta property=\"og:type\" content=\"article\" \/>\n<meta property=\"og:title\" content=\"Pol\u00edtica de Privacidad - Sparta Sport Center Zizur\" \/>\n<meta property=\"og:description\" content=\"Consulta la pol\u00edtica de privacidad de Sparta Sport Center Zizur. Toda la informaci\u00f3n sobre privacidad en nuestra web a un solo clic.\" \/>\n<meta property=\"og:url\" content=\"https:\/\/spartasportcenter.com\/zizur\/politica-de-privacidad-sparta\/\" \/>\n<meta property=\"og:site_name\" content=\"Sparta Sport Center Zizur\" \/>\n<meta property=\"article:modified_time\" content=\"2025-06-25T06:39:59+00:00\" \/>\n<meta property=\"og:image\" content=\"https:\/\/spartasportcenter.com\/zizur\/wp-content\/uploads\/2025\/06\/material-deportivo-de-colores.jpg\" \/>\n\t<meta property=\"og:image:width\" content=\"2000\" \/>\n\t<meta property=\"og:image:height\" content=\"1333\" \/>\n\t<meta property=\"og:image:type\" content=\"image\/jpeg\" \/>\n<meta name=\"twitter:card\" content=\"summary_large_image\" \/>\n<meta name=\"twitter:label1\" content=\"Tiempo de lectura\" \/>\n\t<meta name=\"twitter:data1\" content=\"9 minutos\" \/>\n<script type=\"application\/ld+json\" class=\"yoast-schema-graph\">{\"@context\":\"https:\/\/schema.org\",\"@graph\":[{\"@type\":\"WebPage\",\"@id\":\"https:\/\/spartasportcenter.com\/zizur\/politica-de-privacidad-sparta\/\",\"url\":\"https:\/\/spartasportcenter.com\/zizur\/politica-de-privacidad-sparta\/\",\"name\":\"Pol\u00edtica de Privacidad - Sparta Sport Center Zizur\",\"isPartOf\":{\"@id\":\"https:\/\/spartasportcenter.com\/zizur\/#website\"},\"primaryImageOfPage\":{\"@id\":\"https:\/\/spartasportcenter.com\/zizur\/politica-de-privacidad-sparta\/#primaryimage\"},\"image\":{\"@id\":\"https:\/\/spartasportcenter.com\/zizur\/politica-de-privacidad-sparta\/#primaryimage\"},\"thumbnailUrl\":\"https:\/\/spartasportcenter.com\/zizur\/wp-content\/uploads\/2025\/06\/material-deportivo-de-colores.jpg\",\"datePublished\":\"2018-08-21T18:05:21+00:00\",\"dateModified\":\"2025-06-25T06:39:59+00:00\",\"description\":\"Consulta la pol\u00edtica de privacidad de Sparta Sport Center Zizur. Toda la informaci\u00f3n sobre privacidad en nuestra web a un solo clic.\",\"breadcrumb\":{\"@id\":\"https:\/\/spartasportcenter.com\/zizur\/politica-de-privacidad-sparta\/#breadcrumb\"},\"inLanguage\":\"es\",\"potentialAction\":[{\"@type\":\"ReadAction\",\"target\":[\"https:\/\/spartasportcenter.com\/zizur\/politica-de-privacidad-sparta\/\"]}]},{\"@type\":\"ImageObject\",\"inLanguage\":\"es\",\"@id\":\"https:\/\/spartasportcenter.com\/zizur\/politica-de-privacidad-sparta\/#primaryimage\",\"url\":\"https:\/\/spartasportcenter.com\/zizur\/wp-content\/uploads\/2025\/06\/material-deportivo-de-colores.jpg\",\"contentUrl\":\"https:\/\/spartasportcenter.com\/zizur\/wp-content\/uploads\/2025\/06\/material-deportivo-de-colores.jpg\",\"width\":2000,\"height\":1333,\"caption\":\"material deportivo de colores\"},{\"@type\":\"BreadcrumbList\",\"@id\":\"https:\/\/spartasportcenter.com\/zizur\/politica-de-privacidad-sparta\/#breadcrumb\",\"itemListElement\":[{\"@type\":\"ListItem\",\"position\":1,\"name\":\"Portada\",\"item\":\"https:\/\/spartasportcenter.com\/zizur\/\"},{\"@type\":\"ListItem\",\"position\":2,\"name\":\"Pol\u00edtica de Privacidad de Sparta Sport Center Zizur\"}]},{\"@type\":\"WebSite\",\"@id\":\"https:\/\/spartasportcenter.com\/zizur\/#website\",\"url\":\"https:\/\/spartasportcenter.com\/zizur\/\",\"name\":\"Sparta Sport Center Zizur\",\"description\":\"Gimnasios en Zizur\",\"potentialAction\":[{\"@type\":\"SearchAction\",\"target\":{\"@type\":\"EntryPoint\",\"urlTemplate\":\"https:\/\/spartasportcenter.com\/zizur\/?s={search_term_string}\"},\"query-input\":{\"@type\":\"PropertyValueSpecification\",\"valueRequired\":true,\"valueName\":\"search_term_string\"}}],\"inLanguage\":\"es\"}]}<\/script>\n<!-- \/ Yoast SEO plugin. -->","yoast_head_json":{"title":"Pol\u00edtica de Privacidad - Sparta Sport Center Zizur","description":"Consulta la pol\u00edtica de privacidad de Sparta Sport Center Zizur. Toda la informaci\u00f3n sobre privacidad en nuestra web a un solo clic.","robots":{"index":"index","follow":"follow","max-snippet":"max-snippet:-1","max-image-preview":"max-image-preview:large","max-video-preview":"max-video-preview:-1"},"canonical":"https:\/\/spartasportcenter.com\/zizur\/politica-de-privacidad-sparta\/","og_locale":"es_ES","og_type":"article","og_title":"Pol\u00edtica de Privacidad - Sparta Sport Center Zizur","og_description":"Consulta la pol\u00edtica de privacidad de Sparta Sport Center Zizur. Toda la informaci\u00f3n sobre privacidad en nuestra web a un solo clic.","og_url":"https:\/\/spartasportcenter.com\/zizur\/politica-de-privacidad-sparta\/","og_site_name":"Sparta Sport Center Zizur","article_modified_time":"2025-06-25T06:39:59+00:00","og_image":[{"width":2000,"height":1333,"url":"https:\/\/spartasportcenter.com\/zizur\/wp-content\/uploads\/2025\/06\/material-deportivo-de-colores.jpg","type":"image\/jpeg"}],"twitter_card":"summary_large_image","twitter_misc":{"Tiempo de lectura":"9 minutos"},"schema":{"@context":"https:\/\/schema.org","@graph":[{"@type":"WebPage","@id":"https:\/\/spartasportcenter.com\/zizur\/politica-de-privacidad-sparta\/","url":"https:\/\/spartasportcenter.com\/zizur\/politica-de-privacidad-sparta\/","name":"Pol\u00edtica de Privacidad - Sparta Sport Center Zizur","isPartOf":{"@id":"https:\/\/spartasportcenter.com\/zizur\/#website"},"primaryImageOfPage":{"@id":"https:\/\/spartasportcenter.com\/zizur\/politica-de-privacidad-sparta\/#primaryimage"},"image":{"@id":"https:\/\/spartasportcenter.com\/zizur\/politica-de-privacidad-sparta\/#primaryimage"},"thumbnailUrl":"https:\/\/spartasportcenter.com\/zizur\/wp-content\/uploads\/2025\/06\/material-deportivo-de-colores.jpg","datePublished":"2018-08-21T18:05:21+00:00","dateModified":"2025-06-25T06:39:59+00:00","description":"Consulta la pol\u00edtica de privacidad de Sparta Sport Center Zizur. Toda la informaci\u00f3n sobre privacidad en nuestra web a un solo clic.","breadcrumb":{"@id":"https:\/\/spartasportcenter.com\/zizur\/politica-de-privacidad-sparta\/#breadcrumb"},"inLanguage":"es","potentialAction":[{"@type":"ReadAction","target":["https:\/\/spartasportcenter.com\/zizur\/politica-de-privacidad-sparta\/"]}]},{"@type":"ImageObject","inLanguage":"es","@id":"https:\/\/spartasportcenter.com\/zizur\/politica-de-privacidad-sparta\/#primaryimage","url":"https:\/\/spartasportcenter.com\/zizur\/wp-content\/uploads\/2025\/06\/material-deportivo-de-colores.jpg","contentUrl":"https:\/\/spartasportcenter.com\/zizur\/wp-content\/uploads\/2025\/06\/material-deportivo-de-colores.jpg","width":2000,"height":1333,"caption":"material deportivo de colores"},{"@type":"BreadcrumbList","@id":"https:\/\/spartasportcenter.com\/zizur\/politica-de-privacidad-sparta\/#breadcrumb","itemListElement":[{"@type":"ListItem","position":1,"name":"Portada","item":"https:\/\/spartasportcenter.com\/zizur\/"},{"@type":"ListItem","position":2,"name":"Pol\u00edtica de Privacidad de Sparta Sport Center Zizur"}]},{"@type":"WebSite","@id":"https:\/\/spartasportcenter.com\/zizur\/#website","url":"https:\/\/spartasportcenter.com\/zizur\/","name":"Sparta Sport Center Zizur","description":"Gimnasios en Zizur","potentialAction":[{"@type":"SearchAction","target":{"@type":"EntryPoint","urlTemplate":"https:\/\/spartasportcenter.com\/zizur\/?s={search_term_string}"},"query-input":{"@type":"PropertyValueSpecification","valueRequired":true,"valueName":"search_term_string"}}],"inLanguage":"es"}]}},"_links":{"self":[{"href":"https:\/\/spartasportcenter.com\/zizur\/wp-json\/wp\/v2\/pages\/206766","targetHints":{"allow":["GET"]}}],"collection":[{"href":"https:\/\/spartasportcenter.com\/zizur\/wp-json\/wp\/v2\/pages"}],"about":[{"href":"https:\/\/spartasportcenter.com\/zizur\/wp-json\/wp\/v2\/types\/page"}],"author":[{"embeddable":true,"href":"https:\/\/spartasportcenter.com\/zizur\/wp-json\/wp\/v2\/users\/1"}],"replies":[{"embeddable":true,"href":"https:\/\/spartasportcenter.com\/zizur\/wp-json\/wp\/v2\/comments?post=206766"}],"version-history":[{"count":5,"href":"https:\/\/spartasportcenter.com\/zizur\/wp-json\/wp\/v2\/pages\/206766\/revisions"}],"predecessor-version":[{"id":222626,"href":"https:\/\/spartasportcenter.com\/zizur\/wp-json\/wp\/v2\/pages\/206766\/revisions\/222626"}],"wp:featuredmedia":[{"embeddable":true,"href":"https:\/\/spartasportcenter.com\/zizur\/wp-json\/wp\/v2\/media\/222842"}],"wp:attachment":[{"href":"https:\/\/spartasportcenter.com\/zizur\/wp-json\/wp\/v2\/media?parent=206766"}],"curies":[{"name":"wp","href":"https:\/\/api.w.org\/{rel}","templated":true}]}}