{"id":209159,"date":"2018-12-04T15:58:36","date_gmt":"2018-12-04T14:58:36","guid":{"rendered":"https:\/\/spartasportcenter.com\/pamplona\/?page_id=209159"},"modified":"2025-11-06T09:44:43","modified_gmt":"2025-11-06T08:44:43","slug":"mapa-web-gimnasios-santander","status":"publish","type":"page","link":"https:\/\/spartasportcenter.com\/santander\/mapa-web-gimnasios-santander\/","title":{"rendered":"Mapa Web de Sparta Sport Center Santander"},"content":{"rendered":"<p><a href=\"https:\/\/spartasportcenter.com\/santander\/\">Gimnasio santander Sparta Sport Center<\/a><\/p>\n<p><a href=\"https:\/\/spartasportcenter.com\/santander\/pilates-santander\/\">Pilates Santander<\/a><\/p>\n<p><a href=\"https:\/\/spartasportcenter.com\/santander\/entrenador-personal-santander\/\">Entrenador Personal Santander<\/a><\/p>\n<p><a href=\"https:\/\/spartasportcenter.com\/santander\/nutricionista-santander\/\">Nutricionista Santander<\/a><\/p>\n<p><a href=\"https:\/\/spartasportcenter.com\/santander\/zumba-santander\/\">Zumba Santander<\/a><\/p>\n<p><a href=\"https:\/\/spartasportcenter.com\/santander\/kick-boxing-santander\/\">Kick Boxing Santander<\/a><\/p>\n<p><a href=\"https:\/\/spartasportcenter.com\/santander\/gap-santander\/\">Gap Santander<\/a><\/p>\n<p><a href=\"https:\/\/spartasportcenter.com\/santander\/spinning-santander\/\">Spinning Santander<\/a><\/p>\n<p><a href=\"https:\/\/spartasportcenter.com\/santander\/core-santander\/\">Core Santander<\/a><\/p>\n<p><a href=\"https:\/\/spartasportcenter.com\/santander\/entrenamiento-funcional-santander\/\">Entrenamiento Funcional Santander<\/a><\/p>\n<p><a href=\"https:\/\/spartasportcenter.com\/santander\/body-pump-santander\/\">Body Pump Santander<\/a><\/p>\n<p><a href=\"https:\/\/spartasportcenter.com\/santander\/cross-training-santander\/\">Cross training Santander<\/a><\/p>\n<p><a href=\"https:\/\/spartasportcenter.com\/santander\/body-combat-santander\/\">Body Combat Santander<\/a><\/p>\n<p><a href=\"https:\/\/spartasportcenter.com\/santander\/body-balance-santander\/\">Body balance Santander<\/a><\/p>\n<p><a href=\"https:\/\/spartasportcenter.com\/santander\/horarios\/\">Horario de actividades<\/a><\/p>\n<p><a href=\"https:\/\/spartasportcenter.com\/santander\/instalaciones\/\">Instalaciones<\/a><\/p>\n<p><a href=\"https:\/\/spartasportcenter.com\/santander\/actividades\/\">Actividades<\/a><\/p>\n<p><a href=\"https:\/\/spartasportcenter.com\/santander\/servicios\/\">Servicios<\/a><\/p>\n<p><a href=\"https:\/\/spartasportcenter.com\/santander\/gimnasio-pronillo\/\">Gimnasio Pronillo<\/a><\/p>\n<p><a href=\"https:\/\/spartasportcenter.com\/santander\/gimnasio-ciudad-jardin\/\">Gimnasio Ciudad Jard\u00edn<\/a><\/p>\n<p><a href=\"https:\/\/spartasportcenter.com\/santander\/gimnasio-alisal\/\">Gimnasio Alisal<\/a><\/p>\n<p><a href=\"https:\/\/spartasportcenter.com\/santander\/gimnasio-la-albericia\/\">Gimnasio La Albericia<\/a><\/p>\n<p><a href=\"https:\/\/spartasportcenter.com\/santander\/prueba-un-dia-gratis\/\">Prueba un d\u00eda gratis<\/a><\/p>\n<p><a href=\"https:\/\/spartasportcenter.com\/santander\/contacto\/\">Contacto<\/a><\/p>\n","protected":false},"excerpt":{"rendered":"<p>   &#8211;<\/p>\n","protected":false},"author":1,"featured_media":219142,"parent":0,"menu_order":0,"comment_status":"closed","ping_status":"closed","template":"","meta":{"_et_pb_use_builder":"off","_et_pb_old_content":"<a href=\"https:\/\/spartasportcenter.com\/santander\/\">Gimnasio santander Sparta Sport Center<\/a>\n\n<a href=\"https:\/\/spartasportcenter.com\/santander\/pilates-santander\/\">Pilates Santander<\/a>\n\n<a href=\"https:\/\/spartasportcenter.com\/santander\/entrenador-personal-santander\/\">Entrenador Personal Santander<\/a>\n\n<a href=\"https:\/\/spartasportcenter.com\/santander\/nutricionista-santander\/\">Nutricionista Santander<\/a>\n\n<a href=\"https:\/\/spartasportcenter.com\/santander\/zumba-santander\/\">Zumba Santander<\/a>\n\n<a href=\"https:\/\/spartasportcenter.com\/santander\/kick-boxing-santander\/\">Kick Boxing Santander<\/a>\n\n<a href=\"https:\/\/spartasportcenter.com\/santander\/gap-santander\/\">Gap Santander<\/a>\n\n<a href=\"https:\/\/spartasportcenter.com\/santander\/spinning-santander\/\">Spinning Santander<\/a>\n\n<a href=\"https:\/\/spartasportcenter.com\/santander\/core-santander\/\">Core Santander<\/a>\n\n<a href=\"https:\/\/spartasportcenter.com\/santander\/entrenamiento-funcional-santander\/\">Entrenamiento Funcional Santander<\/a>\n\n<a href=\"https:\/\/spartasportcenter.com\/santander\/body-pump-santander\/\">Body Pump Santander<\/a>\n\n<a href=\"https:\/\/spartasportcenter.com\/santander\/cross-training-santander\/\">Cross training Santander<\/a>\n\n<a href=\"https:\/\/spartasportcenter.com\/santander\/body-combat-santander\/\">Body Combat Santander<\/a>\n\n<a href=\"https:\/\/spartasportcenter.com\/santander\/body-balance-santander\/\">Body balance Santander<\/a>\n\n<a href=\"https:\/\/spartasportcenter.com\/santander\/horarios\/\">Horario de actividades<\/a>\n\n<a href=\"https:\/\/spartasportcenter.com\/santander\/instalaciones\/\">Instalaciones<\/a>\n\n<a href=\"https:\/\/spartasportcenter.com\/santander\/actividades\/\">Actividades<\/a>\n\n<a href=\"https:\/\/spartasportcenter.com\/santander\/servicios\/\">Servicios<\/a>\n\n<a href=\"https:\/\/spartasportcenter.com\/santander\/gimnasio-pronillo\/\">Gimnasio Pronillo<\/a>\n\n<a href=\"https:\/\/spartasportcenter.com\/santander\/gimnasio-ciudad-jardin\/\">Gimnasio Ciudad Jard\u00edn<\/a>\n\n<a href=\"https:\/\/spartasportcenter.com\/santander\/gimnasio-alisal\/\">Gimnasio Alisal<\/a>\n\n<a href=\"https:\/\/spartasportcenter.com\/santander\/gimnasio-la-albericia\/\">Gimnasio La Albericia<\/a>\n\n<a href=\"https:\/\/spartasportcenter.com\/santander\/prueba-un-dia-gratis\/\">Prueba un d\u00eda gratis<\/a>\n\n<a href=\"https:\/\/spartasportcenter.com\/santander\/contacto\/\">Contacto<\/a>","_et_gb_content_width":"","footnotes":""},"class_list":["post-209159","page","type-page","status-publish","has-post-thumbnail","hentry"],"yoast_head":"<!-- This site is optimized with the Yoast SEO plugin v27.4 - https:\/\/yoast.com\/product\/yoast-seo-wordpress\/ -->\n<title>Mapa Web - Sparta Sport Center Santander<\/title>\n<meta name=\"description\" content=\"Consulta el Mapa Web de Sparta Sport Center Santander para conocer las p\u00e1ginas m\u00e1s importantes de nuestra p\u00e1gina web. \u00a1Te las mostramos!\" \/>\n<meta name=\"robots\" content=\"index, follow, max-snippet:-1, max-image-preview:large, max-video-preview:-1\" \/>\n<link rel=\"canonical\" href=\"https:\/\/spartasportcenter.com\/santander\/mapa-web-gimnasios-santander\/\" \/>\n<meta property=\"og:locale\" content=\"es_ES\" \/>\n<meta property=\"og:type\" content=\"article\" \/>\n<meta property=\"og:title\" content=\"Mapa Web - Sparta Sport Center Santander\" \/>\n<meta property=\"og:description\" content=\"Consulta el Mapa Web de Sparta Sport Center Santander para conocer las p\u00e1ginas m\u00e1s importantes de nuestra p\u00e1gina web. \u00a1Te las mostramos!\" \/>\n<meta property=\"og:url\" content=\"https:\/\/spartasportcenter.com\/santander\/mapa-web-gimnasios-santander\/\" \/>\n<meta property=\"og:site_name\" content=\"Sparta Sport Center Santander\" \/>\n<meta property=\"article:modified_time\" content=\"2025-11-06T08:44:43+00:00\" \/>\n<meta property=\"og:image\" content=\"https:\/\/spartasportcenter.com\/santander\/wp-content\/uploads\/2025\/06\/material-deportivo-de-colores.jpg\" \/>\n\t<meta property=\"og:image:width\" content=\"2000\" \/>\n\t<meta property=\"og:image:height\" content=\"1333\" \/>\n\t<meta property=\"og:image:type\" content=\"image\/jpeg\" \/>\n<meta name=\"twitter:card\" content=\"summary_large_image\" \/>\n<meta name=\"twitter:label1\" content=\"Tiempo de lectura\" \/>\n\t<meta name=\"twitter:data1\" content=\"1 minuto\" \/>\n<script type=\"application\/ld+json\" class=\"yoast-schema-graph\">{\"@context\":\"https:\\\/\\\/schema.org\",\"@graph\":[{\"@type\":\"WebPage\",\"@id\":\"https:\\\/\\\/spartasportcenter.com\\\/santander\\\/mapa-web-gimnasios-santander\\\/\",\"url\":\"https:\\\/\\\/spartasportcenter.com\\\/santander\\\/mapa-web-gimnasios-santander\\\/\",\"name\":\"Mapa Web - Sparta Sport Center Santander\",\"isPartOf\":{\"@id\":\"https:\\\/\\\/spartasportcenter.com\\\/santander\\\/#website\"},\"primaryImageOfPage\":{\"@id\":\"https:\\\/\\\/spartasportcenter.com\\\/santander\\\/mapa-web-gimnasios-santander\\\/#primaryimage\"},\"image\":{\"@id\":\"https:\\\/\\\/spartasportcenter.com\\\/santander\\\/mapa-web-gimnasios-santander\\\/#primaryimage\"},\"thumbnailUrl\":\"https:\\\/\\\/spartasportcenter.com\\\/santander\\\/wp-content\\\/uploads\\\/2025\\\/06\\\/material-deportivo-de-colores.jpg\",\"datePublished\":\"2018-12-04T14:58:36+00:00\",\"dateModified\":\"2025-11-06T08:44:43+00:00\",\"description\":\"Consulta el Mapa Web de Sparta Sport Center Santander para conocer las p\u00e1ginas m\u00e1s importantes de nuestra p\u00e1gina web. \u00a1Te las mostramos!\",\"breadcrumb\":{\"@id\":\"https:\\\/\\\/spartasportcenter.com\\\/santander\\\/mapa-web-gimnasios-santander\\\/#breadcrumb\"},\"inLanguage\":\"es\",\"potentialAction\":[{\"@type\":\"ReadAction\",\"target\":[\"https:\\\/\\\/spartasportcenter.com\\\/santander\\\/mapa-web-gimnasios-santander\\\/\"]}]},{\"@type\":\"ImageObject\",\"inLanguage\":\"es\",\"@id\":\"https:\\\/\\\/spartasportcenter.com\\\/santander\\\/mapa-web-gimnasios-santander\\\/#primaryimage\",\"url\":\"https:\\\/\\\/spartasportcenter.com\\\/santander\\\/wp-content\\\/uploads\\\/2025\\\/06\\\/material-deportivo-de-colores.jpg\",\"contentUrl\":\"https:\\\/\\\/spartasportcenter.com\\\/santander\\\/wp-content\\\/uploads\\\/2025\\\/06\\\/material-deportivo-de-colores.jpg\",\"width\":2000,\"height\":1333,\"caption\":\"material deportivo de colores\"},{\"@type\":\"BreadcrumbList\",\"@id\":\"https:\\\/\\\/spartasportcenter.com\\\/santander\\\/mapa-web-gimnasios-santander\\\/#breadcrumb\",\"itemListElement\":[{\"@type\":\"ListItem\",\"position\":1,\"name\":\"Portada\",\"item\":\"https:\\\/\\\/spartasportcenter.com\\\/santander\\\/\"},{\"@type\":\"ListItem\",\"position\":2,\"name\":\"Mapa Web de Sparta Sport Center Santander\"}]},{\"@type\":\"WebSite\",\"@id\":\"https:\\\/\\\/spartasportcenter.com\\\/santander\\\/#website\",\"url\":\"https:\\\/\\\/spartasportcenter.com\\\/santander\\\/\",\"name\":\"Sparta Sport Center Santander\",\"description\":\"Gimnasios en Santander\",\"potentialAction\":[{\"@type\":\"SearchAction\",\"target\":{\"@type\":\"EntryPoint\",\"urlTemplate\":\"https:\\\/\\\/spartasportcenter.com\\\/santander\\\/?s={search_term_string}\"},\"query-input\":{\"@type\":\"PropertyValueSpecification\",\"valueRequired\":true,\"valueName\":\"search_term_string\"}}],\"inLanguage\":\"es\"}]}<\/script>\n<!-- \/ Yoast SEO plugin. -->","yoast_head_json":{"title":"Mapa Web - Sparta Sport Center Santander","description":"Consulta el Mapa Web de Sparta Sport Center Santander para conocer las p\u00e1ginas m\u00e1s importantes de nuestra p\u00e1gina web. \u00a1Te las mostramos!","robots":{"index":"index","follow":"follow","max-snippet":"max-snippet:-1","max-image-preview":"max-image-preview:large","max-video-preview":"max-video-preview:-1"},"canonical":"https:\/\/spartasportcenter.com\/santander\/mapa-web-gimnasios-santander\/","og_locale":"es_ES","og_type":"article","og_title":"Mapa Web - Sparta Sport Center Santander","og_description":"Consulta el Mapa Web de Sparta Sport Center Santander para conocer las p\u00e1ginas m\u00e1s importantes de nuestra p\u00e1gina web. \u00a1Te las mostramos!","og_url":"https:\/\/spartasportcenter.com\/santander\/mapa-web-gimnasios-santander\/","og_site_name":"Sparta Sport Center Santander","article_modified_time":"2025-11-06T08:44:43+00:00","og_image":[{"width":2000,"height":1333,"url":"https:\/\/spartasportcenter.com\/santander\/wp-content\/uploads\/2025\/06\/material-deportivo-de-colores.jpg","type":"image\/jpeg"}],"twitter_card":"summary_large_image","twitter_misc":{"Tiempo de lectura":"1 minuto"},"schema":{"@context":"https:\/\/schema.org","@graph":[{"@type":"WebPage","@id":"https:\/\/spartasportcenter.com\/santander\/mapa-web-gimnasios-santander\/","url":"https:\/\/spartasportcenter.com\/santander\/mapa-web-gimnasios-santander\/","name":"Mapa Web - Sparta Sport Center Santander","isPartOf":{"@id":"https:\/\/spartasportcenter.com\/santander\/#website"},"primaryImageOfPage":{"@id":"https:\/\/spartasportcenter.com\/santander\/mapa-web-gimnasios-santander\/#primaryimage"},"image":{"@id":"https:\/\/spartasportcenter.com\/santander\/mapa-web-gimnasios-santander\/#primaryimage"},"thumbnailUrl":"https:\/\/spartasportcenter.com\/santander\/wp-content\/uploads\/2025\/06\/material-deportivo-de-colores.jpg","datePublished":"2018-12-04T14:58:36+00:00","dateModified":"2025-11-06T08:44:43+00:00","description":"Consulta el Mapa Web de Sparta Sport Center Santander para conocer las p\u00e1ginas m\u00e1s importantes de nuestra p\u00e1gina web. \u00a1Te las mostramos!","breadcrumb":{"@id":"https:\/\/spartasportcenter.com\/santander\/mapa-web-gimnasios-santander\/#breadcrumb"},"inLanguage":"es","potentialAction":[{"@type":"ReadAction","target":["https:\/\/spartasportcenter.com\/santander\/mapa-web-gimnasios-santander\/"]}]},{"@type":"ImageObject","inLanguage":"es","@id":"https:\/\/spartasportcenter.com\/santander\/mapa-web-gimnasios-santander\/#primaryimage","url":"https:\/\/spartasportcenter.com\/santander\/wp-content\/uploads\/2025\/06\/material-deportivo-de-colores.jpg","contentUrl":"https:\/\/spartasportcenter.com\/santander\/wp-content\/uploads\/2025\/06\/material-deportivo-de-colores.jpg","width":2000,"height":1333,"caption":"material deportivo de colores"},{"@type":"BreadcrumbList","@id":"https:\/\/spartasportcenter.com\/santander\/mapa-web-gimnasios-santander\/#breadcrumb","itemListElement":[{"@type":"ListItem","position":1,"name":"Portada","item":"https:\/\/spartasportcenter.com\/santander\/"},{"@type":"ListItem","position":2,"name":"Mapa Web de Sparta Sport Center Santander"}]},{"@type":"WebSite","@id":"https:\/\/spartasportcenter.com\/santander\/#website","url":"https:\/\/spartasportcenter.com\/santander\/","name":"Sparta Sport Center Santander","description":"Gimnasios en Santander","potentialAction":[{"@type":"SearchAction","target":{"@type":"EntryPoint","urlTemplate":"https:\/\/spartasportcenter.com\/santander\/?s={search_term_string}"},"query-input":{"@type":"PropertyValueSpecification","valueRequired":true,"valueName":"search_term_string"}}],"inLanguage":"es"}]}},"_links":{"self":[{"href":"https:\/\/spartasportcenter.com\/santander\/wp-json\/wp\/v2\/pages\/209159","targetHints":{"allow":["GET"]}}],"collection":[{"href":"https:\/\/spartasportcenter.com\/santander\/wp-json\/wp\/v2\/pages"}],"about":[{"href":"https:\/\/spartasportcenter.com\/santander\/wp-json\/wp\/v2\/types\/page"}],"author":[{"embeddable":true,"href":"https:\/\/spartasportcenter.com\/santander\/wp-json\/wp\/v2\/users\/1"}],"replies":[{"embeddable":true,"href":"https:\/\/spartasportcenter.com\/santander\/wp-json\/wp\/v2\/comments?post=209159"}],"version-history":[{"count":25,"href":"https:\/\/spartasportcenter.com\/santander\/wp-json\/wp\/v2\/pages\/209159\/revisions"}],"predecessor-version":[{"id":219426,"href":"https:\/\/spartasportcenter.com\/santander\/wp-json\/wp\/v2\/pages\/209159\/revisions\/219426"}],"wp:featuredmedia":[{"embeddable":true,"href":"https:\/\/spartasportcenter.com\/santander\/wp-json\/wp\/v2\/media\/219142"}],"wp:attachment":[{"href":"https:\/\/spartasportcenter.com\/santander\/wp-json\/wp\/v2\/media?parent=209159"}],"curies":[{"name":"wp","href":"https:\/\/api.w.org\/{rel}","templated":true}]}}