{"id":206541,"date":"2018-08-20T15:40:03","date_gmt":"2018-08-20T15:40:03","guid":{"rendered":"https:\/\/pamplona.spartasportcenter.com\/?page_id=206541"},"modified":"2025-12-18T16:07:44","modified_gmt":"2025-12-18T15:07:44","slug":"spinning-logrono","status":"publish","type":"page","link":"https:\/\/spartasportcenter.com\/logrono\/spinning-logrono\/","title":{"rendered":"Spinning Logro\u00f1o"},"content":{"rendered":"<p>[et_pb_section fb_built=\u00bb1&#8243; custom_padding_last_edited=\u00bbon|phone\u00bb disabled_on=\u00bboff|off|off\u00bb _builder_version=\u00bb4.27.4&#8243; background_color=\u00bb#000000&#8243; background_enable_image=\u00bboff\u00bb custom_margin=\u00bb||||false|false\u00bb custom_padding=\u00bb80px|0px|0px|0px|false|false\u00bb custom_padding_tablet=\u00bb\u00bb custom_padding_phone=\u00bb30px||50px||false|false\u00bb hover_enabled=\u00bb0&#8243; global_colors_info=\u00bb{}\u00bb sticky_enabled=\u00bb0&#8243;][et_pb_row column_structure=\u00bb1_3,2_3&#8243; custom_padding_last_edited=\u00bbon|desktop\u00bb _builder_version=\u00bb4.16&#8243; _module_preset=\u00bbdefault\u00bb custom_padding=\u00bb0px||||false|false\u00bb custom_padding_tablet=\u00bb\u00bb custom_padding_phone=\u00bb0px||||false|false\u00bb global_colors_info=\u00bb{}\u00bb][et_pb_column type=\u00bb1_3&#8243; _builder_version=\u00bb4.16&#8243; _module_preset=\u00bbdefault\u00bb global_colors_info=\u00bb{}\u00bb][et_pb_text _builder_version=\u00bb4.16&#8243; text_font=\u00bb||||||||\u00bb header_font=\u00bb||||||||\u00bb header_text_align=\u00bbcenter\u00bb header_2_font=\u00bb|300||on|||||\u00bb header_2_text_align=\u00bbright\u00bb header_2_font_size=\u00bb29px\u00bb custom_margin=\u00bb||0px||false|false\u00bb custom_padding=\u00bb|15%|0px||false|false\u00bb header_2_text_align_tablet=\u00bb\u00bb header_2_text_align_phone=\u00bbleft\u00bb header_2_text_align_last_edited=\u00bbon|phone\u00bb header_2_font_size_tablet=\u00bb51px\u00bb header_2_font_size_phone=\u00bb25px\u00bb header_2_font_size_last_edited=\u00bbon|phone\u00bb border_width_right=\u00bb2px\u00bb border_color_right=\u00bb#cccccc\u00bb border_width_right_tablet=\u00bb\u00bb border_width_right_phone=\u00bb0px\u00bb border_width_right_last_edited=\u00bbon|phone\u00bb locked=\u00bboff\u00bb global_colors_info=\u00bb{}\u00bb]<\/p>\n<h2>clases de Spinning en Logro\u00f1o<\/h2>\n<p>[\/et_pb_text][\/et_pb_column][et_pb_column type=\u00bb2_3&#8243; _builder_version=\u00bb4.16&#8243; _module_preset=\u00bbdefault\u00bb global_colors_info=\u00bb{}\u00bb][et_pb_text _builder_version=\u00bb4.16&#8243; text_font=\u00bb|300|||||||\u00bb text_text_color=\u00bb#cccccc\u00bb text_line_height=\u00bb1.1em\u00bb header_font=\u00bb|300|||||||\u00bb header_2_font=\u00bb|300||on|||||\u00bb header_2_text_color=\u00bb#cccccc\u00bb header_2_font_size=\u00bb36px\u00bb header_2_letter_spacing=\u00bb2px\u00bb background_layout=\u00bbdark\u00bb global_colors_info=\u00bb{}\u00bb]<span>Practicar\u00a0<strong>Spinning en Logro\u00f1o<\/strong>\u00a0puede ser de las mejores experiencias de tu vida, sobre todo si te apuntas en nuestros gimnasios. Contamos con\u00a0<\/span>m\u00e1quinas de primer nivel tecnol\u00f3gico,<span>\u00a0en las que podr\u00e1s realizar los ajustes que mejor se adapten a tu nivel de ejercitaci\u00f3n.<\/span><\/p>\n<p><span>Por lo dem\u00e1s, nuestros instructores especializados transformar\u00e1n las rutinas de Spinning de Logro\u00f1o en tu mejor experiencia. Tus ansias de superaci\u00f3n quedar\u00e1n plenamente satisfechas cuando comiences a ver los progresos clase tras clase.<\/span><\/p>\n<p><span>En nuestro\u00a0<strong>centro de Ciclo Indoor en Logro\u00f1o<\/strong>\u00a0sacar\u00e1s toda la energ\u00eda que llevas dentro y te vitalizar\u00e1s para el resto de tus actividades diarias. Con nosotros te sentir\u00e1s completamente c\u00f3modo y con la confianza suficiente para dar todo de ti en cada sesi\u00f3n.<\/span><\/p>\n<p><span>En Sparta llevaremos\u00a0<\/span>registros detallados<span>\u00a0de cada una de tus sesiones de Spinning, para que puedas comprobar de primera fuente tus progresos. Adem\u00e1s, contar\u00e1s con un constante asesoramiento que te ayudar\u00e1 a ponerte metas reales y satisfactorias.<\/span>[\/et_pb_text][\/et_pb_column][\/et_pb_row][et_pb_row column_structure=\u00bb1_3,2_3&#8243; custom_padding_last_edited=\u00bbon|phone\u00bb _builder_version=\u00bb4.16&#8243; _module_preset=\u00bbdefault\u00bb custom_margin=\u00bb||0px||false|false\u00bb custom_padding=\u00bb||||false|false\u00bb custom_padding_tablet=\u00bb\u00bb custom_padding_phone=\u00bb0px||0px||false|false\u00bb global_colors_info=\u00bb{}\u00bb][et_pb_column type=\u00bb1_3&#8243; _builder_version=\u00bb4.16&#8243; _module_preset=\u00bbdefault\u00bb global_colors_info=\u00bb{}\u00bb][et_pb_text _builder_version=\u00bb4.16&#8243; text_font=\u00bb||||||||\u00bb header_font=\u00bb||||||||\u00bb header_text_align=\u00bbcenter\u00bb header_2_font=\u00bb|300||on|||||\u00bb header_2_text_align=\u00bbright\u00bb header_2_font_size=\u00bb29px\u00bb custom_margin=\u00bb||0px||false|false\u00bb custom_padding=\u00bb|15%|0px||false|false\u00bb header_2_text_align_tablet=\u00bb\u00bb header_2_text_align_phone=\u00bbleft\u00bb header_2_text_align_last_edited=\u00bbon|phone\u00bb header_2_font_size_tablet=\u00bb51px\u00bb header_2_font_size_phone=\u00bb25px\u00bb header_2_font_size_last_edited=\u00bbon|phone\u00bb border_width_right=\u00bb2px\u00bb border_color_right=\u00bb#cccccc\u00bb border_width_right_tablet=\u00bb\u00bb border_width_right_phone=\u00bb0px\u00bb border_width_right_last_edited=\u00bbon|phone\u00bb locked=\u00bboff\u00bb global_colors_info=\u00bb{}\u00bb]<\/p>\n<h2>Beneficios del Spinning en Logro\u00f1o<\/h2>\n<p>[\/et_pb_text][\/et_pb_column][et_pb_column type=\u00bb2_3&#8243; _builder_version=\u00bb4.16&#8243; _module_preset=\u00bbdefault\u00bb global_colors_info=\u00bb{}\u00bb][et_pb_text _builder_version=\u00bb4.16&#8243; text_font=\u00bb|300|||||||\u00bb text_text_color=\u00bb#cccccc\u00bb text_line_height=\u00bb1.1em\u00bb header_font=\u00bb|300|||||||\u00bb header_2_font=\u00bb|300||on|||||\u00bb header_2_text_color=\u00bb#cccccc\u00bb header_2_font_size=\u00bb36px\u00bb header_2_letter_spacing=\u00bb2px\u00bb background_layout=\u00bbdark\u00bb global_colors_info=\u00bb{}\u00bb]Si quieres perder peso, el Spinning en Logro\u00f1o es una de las mejores alternativas posibles.<\/p>\n<p>Este entrenamiento de bajo impacto te permitir\u00e1 no solo reducir los \u00edndices de grasa en tu cuerpo, sino que tambi\u00e9n fortalecer enormemente tu tren inferior.<\/p>\n<p><strong>En las clases de Spinning en Logro\u00f1o<span>\u00a0<\/span><\/strong><b>tonificar\u00e1s tus piernas y gl\u00fateos<\/b>, desarrollando paralelamente gran coordinaci\u00f3n en tus movimientos. El Spinning tambi\u00e9n ayuda a combatir el estr\u00e9s y aumentar\u00e1 de forma considerable tu capacidad aer\u00f3bica.<\/p>\n<p>Finalmente, una de las grandes ventajas es que toda la carga de trabajo es regulable y puedes adaptarla al nivel de exigencia que desees.[\/et_pb_text][\/et_pb_column][\/et_pb_row][\/et_pb_section][et_pb_section fb_built=\u00bb1&#8243; custom_padding_last_edited=\u00bbon|phone\u00bb _builder_version=\u00bb4.27.4&#8243; _module_preset=\u00bbdefault\u00bb background_color=\u00bb#000000&#8243; custom_padding=\u00bb0px||50px||false|false\u00bb custom_padding_tablet=\u00bb\u00bb custom_padding_phone=\u00bb||30px||false|false\u00bb hover_enabled=\u00bb0&#8243; global_colors_info=\u00bb{}\u00bb sticky_enabled=\u00bb0&#8243;][et_pb_row column_structure=\u00bb1_3,2_3&#8243; custom_padding_last_edited=\u00bbon|phone\u00bb _builder_version=\u00bb4.16&#8243; _module_preset=\u00bbdefault\u00bb custom_padding_tablet=\u00bb\u00bb custom_padding_phone=\u00bb0px||0px||false|false\u00bb global_colors_info=\u00bb{}\u00bb][et_pb_column type=\u00bb1_3&#8243; _builder_version=\u00bb4.16&#8243; _module_preset=\u00bbdefault\u00bb global_colors_info=\u00bb{}\u00bb][et_pb_text _builder_version=\u00bb4.16&#8243; text_font=\u00bb||||||||\u00bb header_font=\u00bb||||||||\u00bb header_text_align=\u00bbcenter\u00bb header_2_font=\u00bb|300||on|||||\u00bb header_2_text_align=\u00bbright\u00bb header_2_font_size=\u00bb29px\u00bb custom_margin=\u00bb||0px||false|false\u00bb custom_padding=\u00bb|15%|0px||false|false\u00bb header_2_text_align_tablet=\u00bb\u00bb header_2_text_align_phone=\u00bbleft\u00bb header_2_text_align_last_edited=\u00bbon|phone\u00bb header_2_font_size_tablet=\u00bb51px\u00bb header_2_font_size_phone=\u00bb25px\u00bb header_2_font_size_last_edited=\u00bbon|phone\u00bb border_width_right=\u00bb2px\u00bb border_color_right=\u00bb#cccccc\u00bb border_width_right_tablet=\u00bb\u00bb border_width_right_phone=\u00bb0px\u00bb border_width_right_last_edited=\u00bbon|phone\u00bb locked=\u00bboff\u00bb global_colors_info=\u00bb{}\u00bb]<\/p>\n<h2>Por qu\u00e9 Spinning en Sparta Sport Center Logro\u00f1o<\/h2>\n<p>[\/et_pb_text][\/et_pb_column][et_pb_column type=\u00bb2_3&#8243; _builder_version=\u00bb4.16&#8243; _module_preset=\u00bbdefault\u00bb global_colors_info=\u00bb{}\u00bb][et_pb_text _builder_version=\u00bb4.16&#8243; text_font=\u00bb|300|||||||\u00bb text_text_color=\u00bb#cccccc\u00bb text_line_height=\u00bb1.1em\u00bb header_font=\u00bb|300|||||||\u00bb header_2_font=\u00bb|300||on|||||\u00bb header_2_text_color=\u00bb#cccccc\u00bb header_2_font_size=\u00bb36px\u00bb header_2_letter_spacing=\u00bb2px\u00bb background_layout=\u00bbdark\u00bb global_colors_info=\u00bb{}\u00bb]<strong>En Sparta te ofrecemos maquinaria aer\u00f3bica de \u00faltima generaci\u00f3n para tus sesiones de Spinning en Logro\u00f1o.<\/strong><\/p>\n<p>Pero no solo eso, sino que tambi\u00e9n tenemos a tu disposici\u00f3n un equipo profesional y altamente especializado que te ayudar\u00e1 a optimizar tus resultados en cada sesi\u00f3n.<\/p>\n<p>No esperes m\u00e1s y prueba la fascinante experiencia del<span>\u00a0<\/span><strong>Spinning en Logro\u00f1o.<\/strong>[\/et_pb_text][\/et_pb_column][\/et_pb_row][\/et_pb_section]<\/p>\n","protected":false},"excerpt":{"rendered":"<p>clases de Spinning en Logro\u00f1oPracticar\u00a0Spinning en Logro\u00f1o\u00a0puede ser de las mejores experiencias de tu vida, sobre todo si te apuntas en nuestros gimnasios. Contamos con\u00a0m\u00e1quinas de primer nivel tecnol\u00f3gico,\u00a0en las que podr\u00e1s realizar los ajustes que mejor se adapten a tu nivel de ejercitaci\u00f3n. Por lo dem\u00e1s, nuestros instructores especializados transformar\u00e1n las rutinas de Spinning [&hellip;]<\/p>\n","protected":false},"author":1,"featured_media":219840,"parent":0,"menu_order":0,"comment_status":"closed","ping_status":"closed","template":"","meta":{"_et_pb_use_builder":"on","_et_pb_old_content":"","_et_gb_content_width":"","footnotes":""},"class_list":["post-206541","page","type-page","status-publish","has-post-thumbnail","hentry"],"yoast_head":"<!-- This site is optimized with the Yoast SEO plugin v27.4 - https:\/\/yoast.com\/product\/yoast-seo-wordpress\/ -->\n<title>Spinning Logro\u00f1o - 1 D\u00cdA GRATIS | Sparta Sport Center<\/title>\n<meta name=\"description\" content=\"Ponte en forma con nuestras CLASES DE SPINNING DIRIGIDAS en Logro\u00f1o. Nuestros instructores te guiaran para que disfrutes mientras te pones en forma.\" \/>\n<meta name=\"robots\" content=\"index, follow, max-snippet:-1, max-image-preview:large, max-video-preview:-1\" \/>\n<link rel=\"canonical\" href=\"https:\/\/spartasportcenter.com\/logrono\/spinning-logrono\/\" \/>\n<meta property=\"og:locale\" content=\"es_ES\" \/>\n<meta property=\"og:type\" content=\"article\" \/>\n<meta property=\"og:title\" content=\"Spinning Logro\u00f1o - 1 D\u00cdA GRATIS | Sparta Sport Center\" \/>\n<meta property=\"og:description\" content=\"Ponte en forma con nuestras CLASES DE SPINNING DIRIGIDAS en Logro\u00f1o. Nuestros instructores te guiaran para que disfrutes mientras te pones en forma.\" \/>\n<meta property=\"og:url\" content=\"https:\/\/spartasportcenter.com\/logrono\/spinning-logrono\/\" \/>\n<meta property=\"og:site_name\" content=\"Sparta Sport Center Logro\u00f1o\" \/>\n<meta property=\"article:modified_time\" content=\"2025-12-18T15:07:44+00:00\" \/>\n<meta property=\"og:image\" content=\"https:\/\/spartasportcenter.com\/logrono\/wp-content\/uploads\/2024\/05\/spinning-logrono.webp\" \/>\n\t<meta property=\"og:image:width\" content=\"2000\" \/>\n\t<meta property=\"og:image:height\" content=\"1333\" \/>\n\t<meta property=\"og:image:type\" content=\"image\/webp\" \/>\n<meta name=\"twitter:card\" content=\"summary_large_image\" \/>\n<meta name=\"twitter:label1\" content=\"Tiempo de lectura\" \/>\n\t<meta name=\"twitter:data1\" content=\"2 minutos\" \/>\n<script type=\"application\/ld+json\" class=\"yoast-schema-graph\">{\"@context\":\"https:\\\/\\\/schema.org\",\"@graph\":[{\"@type\":\"WebPage\",\"@id\":\"https:\\\/\\\/spartasportcenter.com\\\/logrono\\\/spinning-logrono\\\/\",\"url\":\"https:\\\/\\\/spartasportcenter.com\\\/logrono\\\/spinning-logrono\\\/\",\"name\":\"Spinning Logro\u00f1o - 1 D\u00cdA GRATIS | Sparta Sport Center\",\"isPartOf\":{\"@id\":\"https:\\\/\\\/spartasportcenter.com\\\/logrono\\\/#website\"},\"primaryImageOfPage\":{\"@id\":\"https:\\\/\\\/spartasportcenter.com\\\/logrono\\\/spinning-logrono\\\/#primaryimage\"},\"image\":{\"@id\":\"https:\\\/\\\/spartasportcenter.com\\\/logrono\\\/spinning-logrono\\\/#primaryimage\"},\"thumbnailUrl\":\"https:\\\/\\\/spartasportcenter.com\\\/logrono\\\/wp-content\\\/uploads\\\/2024\\\/05\\\/spinning-logrono.webp\",\"datePublished\":\"2018-08-20T15:40:03+00:00\",\"dateModified\":\"2025-12-18T15:07:44+00:00\",\"description\":\"Ponte en forma con nuestras CLASES DE SPINNING DIRIGIDAS en Logro\u00f1o. Nuestros instructores te guiaran para que disfrutes mientras te pones en forma.\",\"breadcrumb\":{\"@id\":\"https:\\\/\\\/spartasportcenter.com\\\/logrono\\\/spinning-logrono\\\/#breadcrumb\"},\"inLanguage\":\"es\",\"potentialAction\":[{\"@type\":\"ReadAction\",\"target\":[\"https:\\\/\\\/spartasportcenter.com\\\/logrono\\\/spinning-logrono\\\/\"]}]},{\"@type\":\"ImageObject\",\"inLanguage\":\"es\",\"@id\":\"https:\\\/\\\/spartasportcenter.com\\\/logrono\\\/spinning-logrono\\\/#primaryimage\",\"url\":\"https:\\\/\\\/spartasportcenter.com\\\/logrono\\\/wp-content\\\/uploads\\\/2024\\\/05\\\/spinning-logrono.webp\",\"contentUrl\":\"https:\\\/\\\/spartasportcenter.com\\\/logrono\\\/wp-content\\\/uploads\\\/2024\\\/05\\\/spinning-logrono.webp\",\"width\":2000,\"height\":1333,\"caption\":\"spinning logrono\"},{\"@type\":\"BreadcrumbList\",\"@id\":\"https:\\\/\\\/spartasportcenter.com\\\/logrono\\\/spinning-logrono\\\/#breadcrumb\",\"itemListElement\":[{\"@type\":\"ListItem\",\"position\":1,\"name\":\"Portada\",\"item\":\"https:\\\/\\\/spartasportcenter.com\\\/logrono\\\/\"},{\"@type\":\"ListItem\",\"position\":2,\"name\":\"Spinning Logro\u00f1o\"}]},{\"@type\":\"WebSite\",\"@id\":\"https:\\\/\\\/spartasportcenter.com\\\/logrono\\\/#website\",\"url\":\"https:\\\/\\\/spartasportcenter.com\\\/logrono\\\/\",\"name\":\"Sparta Sport Center Logro\u00f1o\",\"description\":\"Gimnasios en Logro\u00f1o\",\"potentialAction\":[{\"@type\":\"SearchAction\",\"target\":{\"@type\":\"EntryPoint\",\"urlTemplate\":\"https:\\\/\\\/spartasportcenter.com\\\/logrono\\\/?s={search_term_string}\"},\"query-input\":{\"@type\":\"PropertyValueSpecification\",\"valueRequired\":true,\"valueName\":\"search_term_string\"}}],\"inLanguage\":\"es\"}]}<\/script>\n<!-- \/ Yoast SEO plugin. -->","yoast_head_json":{"title":"Spinning Logro\u00f1o - 1 D\u00cdA GRATIS | Sparta Sport Center","description":"Ponte en forma con nuestras CLASES DE SPINNING DIRIGIDAS en Logro\u00f1o. Nuestros instructores te guiaran para que disfrutes mientras te pones en forma.","robots":{"index":"index","follow":"follow","max-snippet":"max-snippet:-1","max-image-preview":"max-image-preview:large","max-video-preview":"max-video-preview:-1"},"canonical":"https:\/\/spartasportcenter.com\/logrono\/spinning-logrono\/","og_locale":"es_ES","og_type":"article","og_title":"Spinning Logro\u00f1o - 1 D\u00cdA GRATIS | Sparta Sport Center","og_description":"Ponte en forma con nuestras CLASES DE SPINNING DIRIGIDAS en Logro\u00f1o. Nuestros instructores te guiaran para que disfrutes mientras te pones en forma.","og_url":"https:\/\/spartasportcenter.com\/logrono\/spinning-logrono\/","og_site_name":"Sparta Sport Center Logro\u00f1o","article_modified_time":"2025-12-18T15:07:44+00:00","og_image":[{"width":2000,"height":1333,"url":"https:\/\/spartasportcenter.com\/logrono\/wp-content\/uploads\/2024\/05\/spinning-logrono.webp","type":"image\/webp"}],"twitter_card":"summary_large_image","twitter_misc":{"Tiempo de lectura":"2 minutos"},"schema":{"@context":"https:\/\/schema.org","@graph":[{"@type":"WebPage","@id":"https:\/\/spartasportcenter.com\/logrono\/spinning-logrono\/","url":"https:\/\/spartasportcenter.com\/logrono\/spinning-logrono\/","name":"Spinning Logro\u00f1o - 1 D\u00cdA GRATIS | Sparta Sport Center","isPartOf":{"@id":"https:\/\/spartasportcenter.com\/logrono\/#website"},"primaryImageOfPage":{"@id":"https:\/\/spartasportcenter.com\/logrono\/spinning-logrono\/#primaryimage"},"image":{"@id":"https:\/\/spartasportcenter.com\/logrono\/spinning-logrono\/#primaryimage"},"thumbnailUrl":"https:\/\/spartasportcenter.com\/logrono\/wp-content\/uploads\/2024\/05\/spinning-logrono.webp","datePublished":"2018-08-20T15:40:03+00:00","dateModified":"2025-12-18T15:07:44+00:00","description":"Ponte en forma con nuestras CLASES DE SPINNING DIRIGIDAS en Logro\u00f1o. Nuestros instructores te guiaran para que disfrutes mientras te pones en forma.","breadcrumb":{"@id":"https:\/\/spartasportcenter.com\/logrono\/spinning-logrono\/#breadcrumb"},"inLanguage":"es","potentialAction":[{"@type":"ReadAction","target":["https:\/\/spartasportcenter.com\/logrono\/spinning-logrono\/"]}]},{"@type":"ImageObject","inLanguage":"es","@id":"https:\/\/spartasportcenter.com\/logrono\/spinning-logrono\/#primaryimage","url":"https:\/\/spartasportcenter.com\/logrono\/wp-content\/uploads\/2024\/05\/spinning-logrono.webp","contentUrl":"https:\/\/spartasportcenter.com\/logrono\/wp-content\/uploads\/2024\/05\/spinning-logrono.webp","width":2000,"height":1333,"caption":"spinning logrono"},{"@type":"BreadcrumbList","@id":"https:\/\/spartasportcenter.com\/logrono\/spinning-logrono\/#breadcrumb","itemListElement":[{"@type":"ListItem","position":1,"name":"Portada","item":"https:\/\/spartasportcenter.com\/logrono\/"},{"@type":"ListItem","position":2,"name":"Spinning Logro\u00f1o"}]},{"@type":"WebSite","@id":"https:\/\/spartasportcenter.com\/logrono\/#website","url":"https:\/\/spartasportcenter.com\/logrono\/","name":"Sparta Sport Center Logro\u00f1o","description":"Gimnasios en Logro\u00f1o","potentialAction":[{"@type":"SearchAction","target":{"@type":"EntryPoint","urlTemplate":"https:\/\/spartasportcenter.com\/logrono\/?s={search_term_string}"},"query-input":{"@type":"PropertyValueSpecification","valueRequired":true,"valueName":"search_term_string"}}],"inLanguage":"es"}]}},"_links":{"self":[{"href":"https:\/\/spartasportcenter.com\/logrono\/wp-json\/wp\/v2\/pages\/206541","targetHints":{"allow":["GET"]}}],"collection":[{"href":"https:\/\/spartasportcenter.com\/logrono\/wp-json\/wp\/v2\/pages"}],"about":[{"href":"https:\/\/spartasportcenter.com\/logrono\/wp-json\/wp\/v2\/types\/page"}],"author":[{"embeddable":true,"href":"https:\/\/spartasportcenter.com\/logrono\/wp-json\/wp\/v2\/users\/1"}],"replies":[{"embeddable":true,"href":"https:\/\/spartasportcenter.com\/logrono\/wp-json\/wp\/v2\/comments?post=206541"}],"version-history":[{"count":2,"href":"https:\/\/spartasportcenter.com\/logrono\/wp-json\/wp\/v2\/pages\/206541\/revisions"}],"predecessor-version":[{"id":221123,"href":"https:\/\/spartasportcenter.com\/logrono\/wp-json\/wp\/v2\/pages\/206541\/revisions\/221123"}],"wp:featuredmedia":[{"embeddable":true,"href":"https:\/\/spartasportcenter.com\/logrono\/wp-json\/wp\/v2\/media\/219840"}],"wp:attachment":[{"href":"https:\/\/spartasportcenter.com\/logrono\/wp-json\/wp\/v2\/media?parent=206541"}],"curies":[{"name":"wp","href":"https:\/\/api.w.org\/{rel}","templated":true}]}}