{"id":206541,"date":"2018-08-20T15:40:03","date_gmt":"2018-08-20T15:40:03","guid":{"rendered":"https:\/\/pamplona.spartasportcenter.com\/?page_id=206541"},"modified":"2024-08-27T14:54:16","modified_gmt":"2024-08-27T12:54:16","slug":"spinning-huarte-itaroa","status":"publish","type":"page","link":"https:\/\/spartasportcenter.com\/huarte-itaroa\/spinning-huarte-itaroa\/","title":{"rendered":"Spinning Huarte"},"content":{"rendered":"<p>[et_pb_section fb_built=\u00bb1&#8243; custom_padding_last_edited=\u00bbon|phone\u00bb disabled_on=\u00bboff|off|off\u00bb _builder_version=\u00bb4.16&#8243; background_color=\u00bb#262626&#8243; background_enable_image=\u00bboff\u00bb custom_margin=\u00bb||||false|false\u00bb custom_padding=\u00bb80px|0px|0px|0px|false|false\u00bb custom_padding_tablet=\u00bb\u00bb custom_padding_phone=\u00bb30px||50px||false|false\u00bb global_colors_info=\u00bb{}\u00bb][et_pb_row column_structure=\u00bb1_3,2_3&#8243; custom_padding_last_edited=\u00bbon|desktop\u00bb _builder_version=\u00bb4.16&#8243; _module_preset=\u00bbdefault\u00bb custom_padding=\u00bb0px||||false|false\u00bb custom_padding_tablet=\u00bb\u00bb custom_padding_phone=\u00bb0px||||false|false\u00bb global_colors_info=\u00bb{}\u00bb][et_pb_column type=\u00bb1_3&#8243; _builder_version=\u00bb4.16&#8243; _module_preset=\u00bbdefault\u00bb global_colors_info=\u00bb{}\u00bb][et_pb_text _builder_version=\u00bb4.24.2&#8243; text_font=\u00bb||||||||\u00bb header_font=\u00bb||||||||\u00bb header_text_align=\u00bbcenter\u00bb header_2_font=\u00bb|300||on|||||\u00bb header_2_text_align=\u00bbright\u00bb header_2_font_size=\u00bb29px\u00bb custom_margin=\u00bb||0px||false|false\u00bb custom_padding=\u00bb|15%|0px||false|false\u00bb header_2_text_align_tablet=\u00bb\u00bb header_2_text_align_phone=\u00bbleft\u00bb header_2_text_align_last_edited=\u00bbon|phone\u00bb header_2_font_size_tablet=\u00bb51px\u00bb header_2_font_size_phone=\u00bb25px\u00bb header_2_font_size_last_edited=\u00bbon|phone\u00bb border_width_right=\u00bb2px\u00bb border_color_right=\u00bb#cccccc\u00bb border_width_right_tablet=\u00bb\u00bb border_width_right_phone=\u00bb0px\u00bb border_width_right_last_edited=\u00bbon|phone\u00bb locked=\u00bboff\u00bb global_colors_info=\u00bb{}\u00bb]<\/p>\n<h2>Clases de spinning en Huarte<\/h2>\n<p>[\/et_pb_text][\/et_pb_column][et_pb_column type=\u00bb2_3&#8243; _builder_version=\u00bb4.16&#8243; _module_preset=\u00bbdefault\u00bb global_colors_info=\u00bb{}\u00bb][et_pb_text _builder_version=\u00bb4.27.0&#8243; text_font=\u00bb|300|||||||\u00bb text_text_color=\u00bb#cccccc\u00bb text_line_height=\u00bb1.1em\u00bb header_font=\u00bb|300|||||||\u00bb header_2_font=\u00bb|300||on|||||\u00bb header_2_text_color=\u00bb#cccccc\u00bb header_2_font_size=\u00bb36px\u00bb header_2_letter_spacing=\u00bb2px\u00bb background_layout=\u00bbdark\u00bb hover_enabled=\u00bb0&#8243; global_colors_info=\u00bb{}\u00bb sticky_enabled=\u00bb0&#8243;]<\/p>\n<p>El spinning es una<span>\u00a0<\/span><strong>actividad f\u00edsica de gran intensidad que se realiza en una bicicleta estacionaria<\/strong>. Una de las mejores opciones para practicar spinning en Huarte es Sparta Sport Center, donde encontrar\u00e1s un espacio dedicado exclusivamente a esta disciplina.<\/p>\n<p>Ofrece una amplia variedad de clases de spinning en Huarte para todos los niveles, desde principiantes hasta expertos. Nuestras clases son impartidas por instructores que te guiar\u00e1n durante toda la sesi\u00f3n. Cada clase tiene una duraci\u00f3n aproximada de una hora y se lleva a cabo en un ambiente motivador y en\u00e9rgico.<\/p>\n<p>[\/et_pb_text][et_pb_button button_text=\u00bb+\u00bb button_alignment=\u00bbcenter\u00bb module_class=\u00bbrv_button closed\u00bb _builder_version=\u00bb4.16&#8243; custom_button=\u00bbon\u00bb button_text_size=\u00bb39px\u00bb button_text_color=\u00bb#cccccc\u00bb button_border_width=\u00bb0px\u00bb button_border_radius=\u00bb0px\u00bb button_font=\u00bbOswald|700|||||||\u00bb button_use_icon=\u00bboff\u00bb custom_margin=\u00bb-40px|0px|-10px|0px|false|false\u00bb custom_margin_tablet=\u00bb\u00bb custom_margin_phone=\u00bb\u00bb custom_margin_last_edited=\u00bbon|phone\u00bb custom_padding=\u00bb0px|0px|0px|0px|true|\u00bb button_text_color_hover=\u00bbrgba(224,43,32,0.76)\u00bb button_border_color_hover=\u00bbrgba(0,0,0,0)\u00bb button_border_radius_hover=\u00bb0px\u00bb button_bg_color_hover=\u00bbrgba(0,0,0,0)\u00bb locked=\u00bboff\u00bb global_colors_info=\u00bb{}\u00bb button_text_size__hover_enabled=\u00bboff\u00bb button_one_text_size__hover_enabled=\u00bboff\u00bb button_two_text_size__hover_enabled=\u00bboff\u00bb button_text_color__hover_enabled=\u00bbon|desktop\u00bb button_text_color__hover=\u00bbrgba(255,255,255,0.5)\u00bb button_one_text_color__hover_enabled=\u00bboff\u00bb button_two_text_color__hover_enabled=\u00bboff\u00bb button_border_width__hover_enabled=\u00bboff\u00bb button_one_border_width__hover_enabled=\u00bboff\u00bb button_two_border_width__hover_enabled=\u00bboff\u00bb button_border_color__hover_enabled=\u00bbon\u00bb button_border_color__hover=\u00bbrgba(0,0,0,0)\u00bb button_one_border_color__hover_enabled=\u00bboff\u00bb button_two_border_color__hover_enabled=\u00bboff\u00bb button_border_radius__hover_enabled=\u00bbon\u00bb button_border_radius__hover=\u00bb0px\u00bb button_one_border_radius__hover_enabled=\u00bboff\u00bb button_two_border_radius__hover_enabled=\u00bboff\u00bb button_letter_spacing__hover_enabled=\u00bboff\u00bb button_one_letter_spacing__hover_enabled=\u00bboff\u00bb button_two_letter_spacing__hover_enabled=\u00bboff\u00bb button_bg_color__hover_enabled=\u00bbon\u00bb button_bg_color__hover=\u00bbrgba(255,255,255,0)\u00bb button_one_bg_color__hover_enabled=\u00bboff\u00bb button_two_bg_color__hover_enabled=\u00bboff\u00bb][\/et_pb_button][et_pb_text module_id=\u00bbreveal\u00bb _builder_version=\u00bb4.27.0&#8243; text_font=\u00bb|300|||||||\u00bb text_text_color=\u00bb#cccccc\u00bb text_line_height=\u00bb1.1em\u00bb header_font=\u00bb|300|||||||\u00bb header_2_font=\u00bb|300||on|||||\u00bb header_2_text_color=\u00bb#cccccc\u00bb header_2_font_size=\u00bb36px\u00bb header_2_letter_spacing=\u00bb2px\u00bb background_layout=\u00bbdark\u00bb hover_enabled=\u00bb0&#8243; global_colors_info=\u00bb{}\u00bb sticky_enabled=\u00bb0&#8243;]<\/p>\n<p>En estas clases, podr\u00e1s<span>\u00a0<\/span><strong>experimentar una rutina de ejercicio \u00fanica que combina diferentes t\u00e9cnicas de pedaleo, resistencia y velocidad<\/strong>. El objetivo es simular una experiencia de ciclismo al aire libre, pero con la comodidad y seguridad de estar en un lugar cerrado. La m\u00fasica acompa\u00f1a cada clase, creando un ambiente din\u00e1mico y estimulante.<\/p>\n<p>Si eres nuevo en el mundo del spinning, no te preocupes. Las clases de principiantes est\u00e1n dise\u00f1adas especialmente para ti. Aprender\u00e1s las t\u00e9cnicas b\u00e1sicas de pedaleo y ajuste de la resistencia, as\u00ed como los fundamentos de la postura adecuada y la respiraci\u00f3n. Con el tiempo, podr\u00e1s progresar a clases m\u00e1s avanzadas donde se trabajan intervalos de alta intensidad y resistencia para desafiarte a\u00fan m\u00e1s.<\/p>\n<p>[\/et_pb_text][\/et_pb_column][\/et_pb_row][et_pb_row column_structure=\u00bb1_3,2_3&#8243; custom_padding_last_edited=\u00bbon|phone\u00bb _builder_version=\u00bb4.16&#8243; _module_preset=\u00bbdefault\u00bb custom_margin=\u00bb||0px||false|false\u00bb custom_padding=\u00bb||||false|false\u00bb custom_padding_tablet=\u00bb\u00bb custom_padding_phone=\u00bb0px||0px||false|false\u00bb global_colors_info=\u00bb{}\u00bb][et_pb_column type=\u00bb1_3&#8243; _builder_version=\u00bb4.16&#8243; _module_preset=\u00bbdefault\u00bb global_colors_info=\u00bb{}\u00bb][et_pb_text _builder_version=\u00bb4.24.2&#8243; text_font=\u00bb||||||||\u00bb header_font=\u00bb||||||||\u00bb header_text_align=\u00bbcenter\u00bb header_2_font=\u00bb|300||on|||||\u00bb header_2_text_align=\u00bbright\u00bb header_2_font_size=\u00bb29px\u00bb custom_margin=\u00bb||0px||false|false\u00bb custom_padding=\u00bb|15%|0px||false|false\u00bb header_2_text_align_tablet=\u00bb\u00bb header_2_text_align_phone=\u00bbleft\u00bb header_2_text_align_last_edited=\u00bbon|phone\u00bb header_2_font_size_tablet=\u00bb51px\u00bb header_2_font_size_phone=\u00bb25px\u00bb header_2_font_size_last_edited=\u00bbon|phone\u00bb border_width_right=\u00bb2px\u00bb border_color_right=\u00bb#cccccc\u00bb border_width_right_tablet=\u00bb\u00bb border_width_right_phone=\u00bb0px\u00bb border_width_right_last_edited=\u00bbon|phone\u00bb locked=\u00bboff\u00bb global_colors_info=\u00bb{}\u00bb]<\/p>\n<h2>Beneficios del Spinning en Huarte<\/h2>\n<p>[\/et_pb_text][\/et_pb_column][et_pb_column type=\u00bb2_3&#8243; _builder_version=\u00bb4.16&#8243; _module_preset=\u00bbdefault\u00bb global_colors_info=\u00bb{}\u00bb][et_pb_text _builder_version=\u00bb4.27.0&#8243; text_font=\u00bb|300|||||||\u00bb text_text_color=\u00bb#cccccc\u00bb text_line_height=\u00bb1.1em\u00bb header_font=\u00bb|300|||||||\u00bb header_2_font=\u00bb|300||on|||||\u00bb header_2_text_color=\u00bb#cccccc\u00bb header_2_font_size=\u00bb36px\u00bb header_2_letter_spacing=\u00bb2px\u00bb background_layout=\u00bbdark\u00bb hover_enabled=\u00bb0&#8243; global_colors_info=\u00bb{}\u00bb sticky_enabled=\u00bb0&#8243;]<\/p>\n<p>El spinning en Huarte ofrece numerosos beneficios para tu salud y bienestar. Adem\u00e1s de ser una excelente forma de ejercicio cardiovascular, el spinning te ayuda a<span>\u00a0<\/span><strong>quemar calor\u00edas y a mejorar tu resistencia f\u00edsica<\/strong>. Con cada sesi\u00f3n de spinning, estar\u00e1s trabajando diferentes grupos musculares, incluyendo las piernas, gl\u00fateos, brazos y abdomen.<\/p>\n<p>[\/et_pb_text][et_pb_button button_text=\u00bb+\u00bb button_alignment=\u00bbcenter\u00bb module_class=\u00bbrv_button2 closed\u00bb _builder_version=\u00bb4.16&#8243; custom_button=\u00bbon\u00bb button_text_size=\u00bb39px\u00bb button_text_color=\u00bb#cccccc\u00bb button_border_width=\u00bb0px\u00bb button_border_radius=\u00bb0px\u00bb button_font=\u00bbOswald|700|||||||\u00bb button_use_icon=\u00bboff\u00bb custom_margin=\u00bb-40px|0px|-10px|0px|false|false\u00bb custom_margin_tablet=\u00bb\u00bb custom_margin_phone=\u00bb\u00bb custom_margin_last_edited=\u00bbon|phone\u00bb custom_padding=\u00bb0px|0px|0px|0px|true|\u00bb button_text_color_hover=\u00bbrgba(224,43,32,0.76)\u00bb button_border_color_hover=\u00bbrgba(0,0,0,0)\u00bb button_border_radius_hover=\u00bb0px\u00bb button_bg_color_hover=\u00bbrgba(0,0,0,0)\u00bb locked=\u00bboff\u00bb global_colors_info=\u00bb{}\u00bb button_text_size__hover_enabled=\u00bboff\u00bb button_one_text_size__hover_enabled=\u00bboff\u00bb button_two_text_size__hover_enabled=\u00bboff\u00bb button_text_color__hover_enabled=\u00bbon|desktop\u00bb button_text_color__hover=\u00bbrgba(255,255,255,0.5)\u00bb button_one_text_color__hover_enabled=\u00bboff\u00bb button_two_text_color__hover_enabled=\u00bboff\u00bb button_border_width__hover_enabled=\u00bboff\u00bb button_one_border_width__hover_enabled=\u00bboff\u00bb button_two_border_width__hover_enabled=\u00bboff\u00bb button_border_color__hover_enabled=\u00bbon\u00bb button_border_color__hover=\u00bbrgba(0,0,0,0)\u00bb button_one_border_color__hover_enabled=\u00bboff\u00bb button_two_border_color__hover_enabled=\u00bboff\u00bb button_border_radius__hover_enabled=\u00bbon\u00bb button_border_radius__hover=\u00bb0px\u00bb button_one_border_radius__hover_enabled=\u00bboff\u00bb button_two_border_radius__hover_enabled=\u00bboff\u00bb button_letter_spacing__hover_enabled=\u00bboff\u00bb button_one_letter_spacing__hover_enabled=\u00bboff\u00bb button_two_letter_spacing__hover_enabled=\u00bboff\u00bb button_bg_color__hover_enabled=\u00bbon\u00bb button_bg_color__hover=\u00bbrgba(255,255,255,0)\u00bb button_one_bg_color__hover_enabled=\u00bboff\u00bb button_two_bg_color__hover_enabled=\u00bboff\u00bb][\/et_pb_button][et_pb_text module_id=\u00bbreveal2&#8243; _builder_version=\u00bb4.27.0&#8243; text_font=\u00bb|300|||||||\u00bb text_text_color=\u00bb#cccccc\u00bb text_line_height=\u00bb1.1em\u00bb header_font=\u00bb|300|||||||\u00bb header_2_font=\u00bb|300||on|||||\u00bb header_2_text_color=\u00bb#cccccc\u00bb header_2_font_size=\u00bb36px\u00bb header_2_letter_spacing=\u00bb2px\u00bb background_layout=\u00bbdark\u00bb hover_enabled=\u00bb0&#8243; global_colors_info=\u00bb{}\u00bb sticky_enabled=\u00bb0&#8243;]<\/p>\n<p>Una de las principales ventajas del spinning es que puedes<span>\u00a0<\/span><strong>adaptar la intensidad del ejercicio a tu propio ritmo y nivel de condici\u00f3n f\u00edsica<\/strong>. Puedes ajustar la resistencia de la bicicleta y la velocidad seg\u00fan tus necesidades y objetivos personales. Esto hace que el spinning sea una opci\u00f3n ideal tanto para principiantes como para deportistas m\u00e1s experimentados.<\/p>\n<p>Otro de los beneficios del spinning es que es una<span>\u00a0<\/span><strong>actividad de bajo impacto<\/strong>, lo que significa que ejerce menos presi\u00f3n sobre las articulaciones en comparaci\u00f3n con otros deportes de alto impacto como correr o jugar al tenis. Esto hace que el spinning sea una opci\u00f3n segura y adecuada para personas de todas las edades y niveles de condici\u00f3n f\u00edsica.<\/p>\n<p>[\/et_pb_text][\/et_pb_column][\/et_pb_row][\/et_pb_section][et_pb_section fb_built=\u00bb1&#8243; custom_padding_last_edited=\u00bbon|phone\u00bb _builder_version=\u00bb4.16&#8243; _module_preset=\u00bbdefault\u00bb background_color=\u00bb#262626&#8243; custom_padding=\u00bb0px||50px||false|false\u00bb custom_padding_tablet=\u00bb\u00bb custom_padding_phone=\u00bb||30px||false|false\u00bb global_colors_info=\u00bb{}\u00bb][et_pb_row column_structure=\u00bb1_3,2_3&#8243; custom_padding_last_edited=\u00bbon|phone\u00bb _builder_version=\u00bb4.16&#8243; _module_preset=\u00bbdefault\u00bb custom_padding_tablet=\u00bb\u00bb custom_padding_phone=\u00bb0px||0px||false|false\u00bb global_colors_info=\u00bb{}\u00bb][et_pb_column type=\u00bb1_3&#8243; _builder_version=\u00bb4.16&#8243; _module_preset=\u00bbdefault\u00bb global_colors_info=\u00bb{}\u00bb][et_pb_text _builder_version=\u00bb4.26.1&#8243; text_font=\u00bb||||||||\u00bb header_font=\u00bb||||||||\u00bb header_text_align=\u00bbcenter\u00bb header_2_font=\u00bb|300||on|||||\u00bb header_2_text_align=\u00bbright\u00bb header_2_font_size=\u00bb29px\u00bb custom_margin=\u00bb||0px||false|false\u00bb custom_padding=\u00bb|15%|0px||false|false\u00bb header_2_text_align_tablet=\u00bb\u00bb header_2_text_align_phone=\u00bbleft\u00bb header_2_text_align_last_edited=\u00bbon|phone\u00bb header_2_font_size_tablet=\u00bb51px\u00bb header_2_font_size_phone=\u00bb25px\u00bb header_2_font_size_last_edited=\u00bbon|phone\u00bb border_width_right=\u00bb2px\u00bb border_color_right=\u00bb#cccccc\u00bb border_width_right_tablet=\u00bb\u00bb border_width_right_phone=\u00bb0px\u00bb border_width_right_last_edited=\u00bbon|phone\u00bb locked=\u00bboff\u00bb global_colors_info=\u00bb{}\u00bb]<\/p>\n<h2>Por qu\u00e9 Spinning en Sparta Sport Center Huarte<\/h2>\n<p>[\/et_pb_text][\/et_pb_column][et_pb_column type=\u00bb2_3&#8243; _builder_version=\u00bb4.16&#8243; _module_preset=\u00bbdefault\u00bb global_colors_info=\u00bb{}\u00bb][et_pb_text _builder_version=\u00bb4.27.0&#8243; text_font=\u00bb|300|||||||\u00bb text_text_color=\u00bb#cccccc\u00bb text_line_height=\u00bb1.1em\u00bb header_font=\u00bb|300|||||||\u00bb header_2_font=\u00bb|300||on|||||\u00bb header_2_text_color=\u00bb#cccccc\u00bb header_2_font_size=\u00bb36px\u00bb header_2_letter_spacing=\u00bb2px\u00bb background_layout=\u00bbdark\u00bb hover_enabled=\u00bb0&#8243; global_colors_info=\u00bb{}\u00bb sticky_enabled=\u00bb0&#8243;]<\/p>\n<p>Sparta Sport Center en el Centro Comercial Itaroa es el lugar perfecto para practicar spinning en Huarte. Adem\u00e1s de contar con<span>\u00a0<\/span><strong>instalaciones modernas y bien equipadas<\/strong>, en Sparta Sport Center ofrecemos una experiencia \u00fanica en cada clase de spinning.<\/p>\n<p>El ambiente motivador y en\u00e9rgico creado por nuestros instructores y la m\u00fasica te permitir\u00e1 mantener la motivaci\u00f3n durante toda la clase. Adem\u00e1s, nuestros instructores est\u00e1n capacitados para adaptar la intensidad y las t\u00e9cnicas de pedaleo a las necesidades de cada participante, dando un seguimiento personalizado y garantizando que obtengas los m\u00e1ximos beneficios de cada sesi\u00f3n.<\/p>\n<p>En Sparta Sport Center tambi\u00e9n podr\u00e1s disfrutar de la compa\u00f1\u00eda de otros entusiastas del spinning, lo que crea un<span>\u00a0<\/span><strong>ambiente de camarader\u00eda y apoyo mutuo<\/strong>. La sensaci\u00f3n de estar en un equipo te ayudar\u00e1 a mantenerte comprometido con tu rutina de ejercicio y a alcanzar tus objetivos de forma m\u00e1s efectiva.<\/p>\n<p>[\/et_pb_text][\/et_pb_column][\/et_pb_row][\/et_pb_section]<\/p>\n","protected":false},"excerpt":{"rendered":"<p>Clases de spinning en HuarteEl spinning es una\u00a0actividad f\u00edsica de gran intensidad que se realiza en una bicicleta estacionaria. Una de las mejores opciones para practicar spinning en Huarte es Sparta Sport Center, donde encontrar\u00e1s un espacio dedicado exclusivamente a esta disciplina. Ofrece una amplia variedad de clases de spinning en Huarte para todos los [&hellip;]<\/p>\n","protected":false},"author":1,"featured_media":220483,"parent":0,"menu_order":0,"comment_status":"closed","ping_status":"closed","template":"","meta":{"_et_pb_use_builder":"on","_et_pb_old_content":"","_et_gb_content_width":"","footnotes":""},"class_list":["post-206541","page","type-page","status-publish","has-post-thumbnail","hentry"],"yoast_head":"<!-- This site is optimized with the Yoast SEO plugin v27.4 - https:\/\/yoast.com\/product\/yoast-seo-wordpress\/ -->\n<title>Spinning Huarte | Sparta Sport Center<\/title>\n<meta name=\"description\" content=\"\u00bfEst\u00e1s buscando un gimnasio para hacer spinning en Huarte? No lo dejes pasar m\u00e1s y ap\u00fantate ya a Sparta Sport Center en el Centro Comercial Itaroa.\" \/>\n<meta name=\"robots\" content=\"index, follow, max-snippet:-1, max-image-preview:large, max-video-preview:-1\" \/>\n<link rel=\"canonical\" href=\"https:\/\/spartasportcenter.com\/huarte-itaroa\/spinning-huarte-itaroa\/\" \/>\n<meta property=\"og:locale\" content=\"es_ES\" \/>\n<meta property=\"og:type\" content=\"article\" \/>\n<meta property=\"og:title\" content=\"Spinning Huarte | Sparta Sport Center\" \/>\n<meta property=\"og:description\" content=\"\u00bfEst\u00e1s buscando un gimnasio para hacer spinning en Huarte? No lo dejes pasar m\u00e1s y ap\u00fantate ya a Sparta Sport Center en el Centro Comercial Itaroa.\" \/>\n<meta property=\"og:url\" content=\"https:\/\/spartasportcenter.com\/huarte-itaroa\/spinning-huarte-itaroa\/\" \/>\n<meta property=\"og:site_name\" content=\"Sparta Sport Center Huarte Itaroa\" \/>\n<meta property=\"article:modified_time\" content=\"2024-08-27T12:54:16+00:00\" \/>\n<meta property=\"og:image\" content=\"https:\/\/spartasportcenter.com\/huarte-itaroa\/wp-content\/uploads\/2024\/08\/spinning-huarte-itaroa.webp\" \/>\n\t<meta property=\"og:image:width\" content=\"2000\" \/>\n\t<meta property=\"og:image:height\" content=\"1333\" \/>\n\t<meta property=\"og:image:type\" content=\"image\/webp\" \/>\n<meta name=\"twitter:card\" content=\"summary_large_image\" \/>\n<meta name=\"twitter:label1\" content=\"Tiempo de lectura\" \/>\n\t<meta name=\"twitter:data1\" content=\"4 minutos\" \/>\n<script type=\"application\/ld+json\" class=\"yoast-schema-graph\">{\"@context\":\"https:\\\/\\\/schema.org\",\"@graph\":[{\"@type\":\"WebPage\",\"@id\":\"https:\\\/\\\/spartasportcenter.com\\\/huarte-itaroa\\\/spinning-huarte-itaroa\\\/\",\"url\":\"https:\\\/\\\/spartasportcenter.com\\\/huarte-itaroa\\\/spinning-huarte-itaroa\\\/\",\"name\":\"Spinning Huarte | Sparta Sport Center\",\"isPartOf\":{\"@id\":\"https:\\\/\\\/spartasportcenter.com\\\/huarte-itaroa\\\/#website\"},\"primaryImageOfPage\":{\"@id\":\"https:\\\/\\\/spartasportcenter.com\\\/huarte-itaroa\\\/spinning-huarte-itaroa\\\/#primaryimage\"},\"image\":{\"@id\":\"https:\\\/\\\/spartasportcenter.com\\\/huarte-itaroa\\\/spinning-huarte-itaroa\\\/#primaryimage\"},\"thumbnailUrl\":\"https:\\\/\\\/spartasportcenter.com\\\/huarte-itaroa\\\/wp-content\\\/uploads\\\/2024\\\/08\\\/spinning-huarte-itaroa.webp\",\"datePublished\":\"2018-08-20T15:40:03+00:00\",\"dateModified\":\"2024-08-27T12:54:16+00:00\",\"description\":\"\u00bfEst\u00e1s buscando un gimnasio para hacer spinning en Huarte? No lo dejes pasar m\u00e1s y ap\u00fantate ya a Sparta Sport Center en el Centro Comercial Itaroa.\",\"breadcrumb\":{\"@id\":\"https:\\\/\\\/spartasportcenter.com\\\/huarte-itaroa\\\/spinning-huarte-itaroa\\\/#breadcrumb\"},\"inLanguage\":\"es\",\"potentialAction\":[{\"@type\":\"ReadAction\",\"target\":[\"https:\\\/\\\/spartasportcenter.com\\\/huarte-itaroa\\\/spinning-huarte-itaroa\\\/\"]}]},{\"@type\":\"ImageObject\",\"inLanguage\":\"es\",\"@id\":\"https:\\\/\\\/spartasportcenter.com\\\/huarte-itaroa\\\/spinning-huarte-itaroa\\\/#primaryimage\",\"url\":\"https:\\\/\\\/spartasportcenter.com\\\/huarte-itaroa\\\/wp-content\\\/uploads\\\/2024\\\/08\\\/spinning-huarte-itaroa.webp\",\"contentUrl\":\"https:\\\/\\\/spartasportcenter.com\\\/huarte-itaroa\\\/wp-content\\\/uploads\\\/2024\\\/08\\\/spinning-huarte-itaroa.webp\",\"width\":2000,\"height\":1333,\"caption\":\"spinning huarte itaroa\"},{\"@type\":\"BreadcrumbList\",\"@id\":\"https:\\\/\\\/spartasportcenter.com\\\/huarte-itaroa\\\/spinning-huarte-itaroa\\\/#breadcrumb\",\"itemListElement\":[{\"@type\":\"ListItem\",\"position\":1,\"name\":\"Portada\",\"item\":\"https:\\\/\\\/spartasportcenter.com\\\/huarte-itaroa\\\/\"},{\"@type\":\"ListItem\",\"position\":2,\"name\":\"Spinning Huarte\"}]},{\"@type\":\"WebSite\",\"@id\":\"https:\\\/\\\/spartasportcenter.com\\\/huarte-itaroa\\\/#website\",\"url\":\"https:\\\/\\\/spartasportcenter.com\\\/huarte-itaroa\\\/\",\"name\":\"Sparta Sport Center Huarte Itaroa\",\"description\":\"Gimnasios en Huarte\",\"potentialAction\":[{\"@type\":\"SearchAction\",\"target\":{\"@type\":\"EntryPoint\",\"urlTemplate\":\"https:\\\/\\\/spartasportcenter.com\\\/huarte-itaroa\\\/?s={search_term_string}\"},\"query-input\":{\"@type\":\"PropertyValueSpecification\",\"valueRequired\":true,\"valueName\":\"search_term_string\"}}],\"inLanguage\":\"es\"}]}<\/script>\n<!-- \/ Yoast SEO plugin. -->","yoast_head_json":{"title":"Spinning Huarte | Sparta Sport Center","description":"\u00bfEst\u00e1s buscando un gimnasio para hacer spinning en Huarte? No lo dejes pasar m\u00e1s y ap\u00fantate ya a Sparta Sport Center en el Centro Comercial Itaroa.","robots":{"index":"index","follow":"follow","max-snippet":"max-snippet:-1","max-image-preview":"max-image-preview:large","max-video-preview":"max-video-preview:-1"},"canonical":"https:\/\/spartasportcenter.com\/huarte-itaroa\/spinning-huarte-itaroa\/","og_locale":"es_ES","og_type":"article","og_title":"Spinning Huarte | Sparta Sport Center","og_description":"\u00bfEst\u00e1s buscando un gimnasio para hacer spinning en Huarte? No lo dejes pasar m\u00e1s y ap\u00fantate ya a Sparta Sport Center en el Centro Comercial Itaroa.","og_url":"https:\/\/spartasportcenter.com\/huarte-itaroa\/spinning-huarte-itaroa\/","og_site_name":"Sparta Sport Center Huarte Itaroa","article_modified_time":"2024-08-27T12:54:16+00:00","og_image":[{"width":2000,"height":1333,"url":"https:\/\/spartasportcenter.com\/huarte-itaroa\/wp-content\/uploads\/2024\/08\/spinning-huarte-itaroa.webp","type":"image\/webp"}],"twitter_card":"summary_large_image","twitter_misc":{"Tiempo de lectura":"4 minutos"},"schema":{"@context":"https:\/\/schema.org","@graph":[{"@type":"WebPage","@id":"https:\/\/spartasportcenter.com\/huarte-itaroa\/spinning-huarte-itaroa\/","url":"https:\/\/spartasportcenter.com\/huarte-itaroa\/spinning-huarte-itaroa\/","name":"Spinning Huarte | Sparta Sport Center","isPartOf":{"@id":"https:\/\/spartasportcenter.com\/huarte-itaroa\/#website"},"primaryImageOfPage":{"@id":"https:\/\/spartasportcenter.com\/huarte-itaroa\/spinning-huarte-itaroa\/#primaryimage"},"image":{"@id":"https:\/\/spartasportcenter.com\/huarte-itaroa\/spinning-huarte-itaroa\/#primaryimage"},"thumbnailUrl":"https:\/\/spartasportcenter.com\/huarte-itaroa\/wp-content\/uploads\/2024\/08\/spinning-huarte-itaroa.webp","datePublished":"2018-08-20T15:40:03+00:00","dateModified":"2024-08-27T12:54:16+00:00","description":"\u00bfEst\u00e1s buscando un gimnasio para hacer spinning en Huarte? No lo dejes pasar m\u00e1s y ap\u00fantate ya a Sparta Sport Center en el Centro Comercial Itaroa.","breadcrumb":{"@id":"https:\/\/spartasportcenter.com\/huarte-itaroa\/spinning-huarte-itaroa\/#breadcrumb"},"inLanguage":"es","potentialAction":[{"@type":"ReadAction","target":["https:\/\/spartasportcenter.com\/huarte-itaroa\/spinning-huarte-itaroa\/"]}]},{"@type":"ImageObject","inLanguage":"es","@id":"https:\/\/spartasportcenter.com\/huarte-itaroa\/spinning-huarte-itaroa\/#primaryimage","url":"https:\/\/spartasportcenter.com\/huarte-itaroa\/wp-content\/uploads\/2024\/08\/spinning-huarte-itaroa.webp","contentUrl":"https:\/\/spartasportcenter.com\/huarte-itaroa\/wp-content\/uploads\/2024\/08\/spinning-huarte-itaroa.webp","width":2000,"height":1333,"caption":"spinning huarte itaroa"},{"@type":"BreadcrumbList","@id":"https:\/\/spartasportcenter.com\/huarte-itaroa\/spinning-huarte-itaroa\/#breadcrumb","itemListElement":[{"@type":"ListItem","position":1,"name":"Portada","item":"https:\/\/spartasportcenter.com\/huarte-itaroa\/"},{"@type":"ListItem","position":2,"name":"Spinning Huarte"}]},{"@type":"WebSite","@id":"https:\/\/spartasportcenter.com\/huarte-itaroa\/#website","url":"https:\/\/spartasportcenter.com\/huarte-itaroa\/","name":"Sparta Sport Center Huarte Itaroa","description":"Gimnasios en Huarte","potentialAction":[{"@type":"SearchAction","target":{"@type":"EntryPoint","urlTemplate":"https:\/\/spartasportcenter.com\/huarte-itaroa\/?s={search_term_string}"},"query-input":{"@type":"PropertyValueSpecification","valueRequired":true,"valueName":"search_term_string"}}],"inLanguage":"es"}]}},"_links":{"self":[{"href":"https:\/\/spartasportcenter.com\/huarte-itaroa\/wp-json\/wp\/v2\/pages\/206541","targetHints":{"allow":["GET"]}}],"collection":[{"href":"https:\/\/spartasportcenter.com\/huarte-itaroa\/wp-json\/wp\/v2\/pages"}],"about":[{"href":"https:\/\/spartasportcenter.com\/huarte-itaroa\/wp-json\/wp\/v2\/types\/page"}],"author":[{"embeddable":true,"href":"https:\/\/spartasportcenter.com\/huarte-itaroa\/wp-json\/wp\/v2\/users\/1"}],"replies":[{"embeddable":true,"href":"https:\/\/spartasportcenter.com\/huarte-itaroa\/wp-json\/wp\/v2\/comments?post=206541"}],"version-history":[{"count":25,"href":"https:\/\/spartasportcenter.com\/huarte-itaroa\/wp-json\/wp\/v2\/pages\/206541\/revisions"}],"predecessor-version":[{"id":220553,"href":"https:\/\/spartasportcenter.com\/huarte-itaroa\/wp-json\/wp\/v2\/pages\/206541\/revisions\/220553"}],"wp:featuredmedia":[{"embeddable":true,"href":"https:\/\/spartasportcenter.com\/huarte-itaroa\/wp-json\/wp\/v2\/media\/220483"}],"wp:attachment":[{"href":"https:\/\/spartasportcenter.com\/huarte-itaroa\/wp-json\/wp\/v2\/media?parent=206541"}],"curies":[{"name":"wp","href":"https:\/\/api.w.org\/{rel}","templated":true}]}}